{"id":19061,"date":"2024-03-14T11:09:32","date_gmt":"2024-03-14T10:09:32","guid":{"rendered":"https:\/\/salabbk.bbk.eus\/eventos\/joao-caetano-2\/"},"modified":"2024-03-19T14:07:58","modified_gmt":"2024-03-19T13:07:58","slug":"joao-caetano-2","status":"publish","type":"eventos","link":"https:\/\/salabbk.bbk.eus\/eu\/eventos\/joao-caetano-2\/","title":{"rendered":"JO\u00c2O CAETANO"},"content":{"rendered":"\n<p>Jo\u00e2o Caetano, musikaria, ekoizlea eta artista. Aita portugaldarren semea da Macaon jaioa. 2024ko martxoan kaleratuko duen EP berriaren lehen aurrerapen singlea aurkeztu berri du. &#8220;A Tua Aus\u00eancia&#8221; abestiak Paulo Aberu lime\u00f1arraren letra eta Jo\u00e2o Caetanoren musika ditu. Bien arteko adiskidetasun eta hurbiltasun handiko harremanetik sortu zen, non gitarrak, erritmo portugaldarrak eta afrikarrak, bonboak eta panderetak ez diren falta.<\/p>\n\n\n\n<p>Singlearen grabazioak Lisboa eta Londres artean egin ziren eta Andr\u00e9 Dias, In\u00eas Vaz eta Seth Tackaberryk parte hartu zuten. Nahasketa eta masterizazioa Mo Hausler U2 eta The Script taldeetako ingeniariaren eskutik, zeinarekin Jo\u00e2o lanean ari baita duela 12 urte baino gehiagotik. Estudioko lan berrian, &#8220;Cada Vez Mais&#8221; EPa, martxoan kaleratzekoa dena, Jo\u00e2o Caetanok Paulo Aberu de Lima poetarekin, kantu gehienen egilearekin, igarotako uneak hilezkortzen ditu.<\/p>\n\n\n\n<p>Solo, Caetano, portugaldar musika tradizionala, fadoa eta portugaldar herri instrumentuak berrasmatzen ditu, Lavacolhosen bonboak, portugaldar gitarra eta akordeoia handikiro gehitzen dituen itxura berri batean. Gaur egun lan berri bat prestatzen ari da 2024rako, Portugalen, Lisboan, Maria Matos Antzokian apirilaren 15ean, baina baita Espainian, Ingalaterran eta Bulgarian ere.<\/p>\n","protected":false},"excerpt":{"rendered":"<p>Jo\u00e2o Caetano, musikaria, ekoizlea eta artista. Aita portugaldarren semea da Macaon jaioa. 2024ko martxoan kaleratuko duen EP berriaren lehen aurrerapen singlea aurkeztu berri du. &#8220;A Tua Aus\u00eancia&#8221; abestiak Paulo Aberu lime\u00f1arraren letra eta Jo\u00e2o Caetanoren musika ditu. Bien arteko adiskidetasun eta hurbiltasun handiko harremanetik sortu zen, non gitarrak, erritmo portugaldarrak eta afrikarrak, bonboak eta panderetak [&hellip;]<\/p>\n","protected":false},"author":15,"featured_media":19057,"parent":0,"menu_order":0,"template":"","categoria-evento":[1240],"etiqueta-evento":[2359],"class_list":["post-19061","eventos","type-eventos","status-publish","has-post-thumbnail","hentry","categoria-evento-musika","etiqueta-evento-fado-eu"],"acf":{"ctp_evento_fecha_inicio":"20240502","ctp_evento_hora_inicio":"20:00:00","ctp_evento_fecha_fin":null,"ctp_evento_hora_fin":"","ctp_evento_coste":"a partir de 25","ctp_evento_informacion_adicional":"online 25\u20ac, leihatilan 30\u20ac","ctp_evento_tickets":"https:\/\/sarrerak.bbk.eus\/espectaculo\/joao-caetano\/020524JOAOCAETAN"},"yoast_head":"<!-- This site is optimized with the Yoast SEO plugin v27.0 - https:\/\/yoast.com\/product\/yoast-seo-wordpress\/ -->\n<title>JO\u00c2O CAETANO - Sala BBK<\/title>\n<meta name=\"robots\" content=\"index, follow, max-snippet:-1, max-image-preview:large, max-video-preview:-1\" \/>\n<link rel=\"canonical\" href=\"https:\/\/salabbk.bbk.eus\/eu\/eventos\/joao-caetano-2\/\" \/>\n<meta property=\"og:locale\" content=\"eu_ES\" \/>\n<meta property=\"og:type\" content=\"article\" \/>\n<meta property=\"og:title\" content=\"JO\u00c2O CAETANO - Sala BBK\" \/>\n<meta property=\"og:description\" content=\"Jo\u00e2o Caetano, musikaria, ekoizlea eta artista. Aita portugaldarren semea da Macaon jaioa. 2024ko martxoan kaleratuko duen EP berriaren lehen aurrerapen singlea aurkeztu berri du. &#8220;A Tua Aus\u00eancia&#8221; abestiak Paulo Aberu lime\u00f1arraren letra eta Jo\u00e2o Caetanoren musika ditu. Bien arteko adiskidetasun eta hurbiltasun handiko harremanetik sortu zen, non gitarrak, erritmo portugaldarrak eta afrikarrak, bonboak eta panderetak [&hellip;]\" \/>\n<meta property=\"og:url\" content=\"https:\/\/salabbk.bbk.eus\/eu\/eventos\/joao-caetano-2\/\" \/>\n<meta property=\"og:site_name\" content=\"Sala BBK\" \/>\n<meta property=\"article:modified_time\" content=\"2024-03-19T13:07:58+00:00\" \/>\n<meta property=\"og:image\" content=\"https:\/\/salabbk.bbk.eus\/wp-content\/uploads\/2024\/03\/Imatge-2-1-scaled.jpg\" \/>\n\t<meta property=\"og:image:width\" content=\"2560\" \/>\n\t<meta property=\"og:image:height\" content=\"1707\" \/>\n\t<meta property=\"og:image:type\" content=\"image\/jpeg\" \/>\n<meta name=\"twitter:card\" content=\"summary_large_image\" \/>\n<script type=\"application\/ld+json\" class=\"yoast-schema-graph\">{\"@context\":\"https:\/\/schema.org\",\"@graph\":[{\"@type\":\"WebPage\",\"@id\":\"https:\/\/salabbk.bbk.eus\/eu\/eventos\/joao-caetano-2\/\",\"url\":\"https:\/\/salabbk.bbk.eus\/eu\/eventos\/joao-caetano-2\/\",\"name\":\"JO\u00c2O CAETANO - Sala BBK\",\"isPartOf\":{\"@id\":\"https:\/\/salabbk.bbk.eus\/eu\/#website\"},\"primaryImageOfPage\":{\"@id\":\"https:\/\/salabbk.bbk.eus\/eu\/eventos\/joao-caetano-2\/#primaryimage\"},\"image\":{\"@id\":\"https:\/\/salabbk.bbk.eus\/eu\/eventos\/joao-caetano-2\/#primaryimage\"},\"thumbnailUrl\":\"https:\/\/salabbk.bbk.eus\/wp-content\/uploads\/2024\/03\/Imatge-2-1-scaled.jpg\",\"datePublished\":\"2024-03-14T10:09:32+00:00\",\"dateModified\":\"2024-03-19T13:07:58+00:00\",\"breadcrumb\":{\"@id\":\"https:\/\/salabbk.bbk.eus\/eu\/eventos\/joao-caetano-2\/#breadcrumb\"},\"inLanguage\":\"eu-ES\",\"potentialAction\":[{\"@type\":\"ReadAction\",\"target\":[\"https:\/\/salabbk.bbk.eus\/eu\/eventos\/joao-caetano-2\/\"]}]},{\"@type\":\"ImageObject\",\"inLanguage\":\"eu-ES\",\"@id\":\"https:\/\/salabbk.bbk.eus\/eu\/eventos\/joao-caetano-2\/#primaryimage\",\"url\":\"https:\/\/salabbk.bbk.eus\/wp-content\/uploads\/2024\/03\/Imatge-2-1-scaled.jpg\",\"contentUrl\":\"https:\/\/salabbk.bbk.eus\/wp-content\/uploads\/2024\/03\/Imatge-2-1-scaled.jpg\",\"width\":2560,\"height\":1707},{\"@type\":\"BreadcrumbList\",\"@id\":\"https:\/\/salabbk.bbk.eus\/eu\/eventos\/joao-caetano-2\/#breadcrumb\",\"itemListElement\":[{\"@type\":\"ListItem\",\"position\":1,\"name\":\"Hasiera\",\"item\":\"https:\/\/salabbk.bbk.eus\/eu\/\"},{\"@type\":\"ListItem\",\"position\":2,\"name\":\"Gertaerak\",\"item\":\"https:\/\/salabbk.bbk.eus\/eu\/eventos\/\"},{\"@type\":\"ListItem\",\"position\":3,\"name\":\"Musika\",\"item\":\"https:\/\/salabbk.bbk.eus\/eu\/gertaera-kategoriak\/musika\/\"},{\"@type\":\"ListItem\",\"position\":4,\"name\":\"JO\u00c2O CAETANO\"}]},{\"@type\":\"WebSite\",\"@id\":\"https:\/\/salabbk.bbk.eus\/eu\/#website\",\"url\":\"https:\/\/salabbk.bbk.eus\/eu\/\",\"name\":\"Sala BBK\",\"description\":\"Espect\u00e1culos, cultura en vivo en el centro de Bilbao\",\"potentialAction\":[{\"@type\":\"SearchAction\",\"target\":{\"@type\":\"EntryPoint\",\"urlTemplate\":\"https:\/\/salabbk.bbk.eus\/eu\/?s={search_term_string}\"},\"query-input\":{\"@type\":\"PropertyValueSpecification\",\"valueRequired\":true,\"valueName\":\"search_term_string\"}}],\"inLanguage\":\"eu-ES\"}]}<\/script>\n<!-- \/ Yoast SEO plugin. -->","yoast_head_json":{"title":"JO\u00c2O CAETANO - Sala BBK","robots":{"index":"index","follow":"follow","max-snippet":"max-snippet:-1","max-image-preview":"max-image-preview:large","max-video-preview":"max-video-preview:-1"},"canonical":"https:\/\/salabbk.bbk.eus\/eu\/eventos\/joao-caetano-2\/","og_locale":"eu_ES","og_type":"article","og_title":"JO\u00c2O CAETANO - Sala BBK","og_description":"Jo\u00e2o Caetano, musikaria, ekoizlea eta artista. Aita portugaldarren semea da Macaon jaioa. 2024ko martxoan kaleratuko duen EP berriaren lehen aurrerapen singlea aurkeztu berri du. &#8220;A Tua Aus\u00eancia&#8221; abestiak Paulo Aberu lime\u00f1arraren letra eta Jo\u00e2o Caetanoren musika ditu. Bien arteko adiskidetasun eta hurbiltasun handiko harremanetik sortu zen, non gitarrak, erritmo portugaldarrak eta afrikarrak, bonboak eta panderetak [&hellip;]","og_url":"https:\/\/salabbk.bbk.eus\/eu\/eventos\/joao-caetano-2\/","og_site_name":"Sala BBK","article_modified_time":"2024-03-19T13:07:58+00:00","og_image":[{"width":2560,"height":1707,"url":"https:\/\/salabbk.bbk.eus\/wp-content\/uploads\/2024\/03\/Imatge-2-1-scaled.jpg","type":"image\/jpeg"}],"twitter_card":"summary_large_image","schema":{"@context":"https:\/\/schema.org","@graph":[{"@type":"WebPage","@id":"https:\/\/salabbk.bbk.eus\/eu\/eventos\/joao-caetano-2\/","url":"https:\/\/salabbk.bbk.eus\/eu\/eventos\/joao-caetano-2\/","name":"JO\u00c2O CAETANO - Sala BBK","isPartOf":{"@id":"https:\/\/salabbk.bbk.eus\/eu\/#website"},"primaryImageOfPage":{"@id":"https:\/\/salabbk.bbk.eus\/eu\/eventos\/joao-caetano-2\/#primaryimage"},"image":{"@id":"https:\/\/salabbk.bbk.eus\/eu\/eventos\/joao-caetano-2\/#primaryimage"},"thumbnailUrl":"https:\/\/salabbk.bbk.eus\/wp-content\/uploads\/2024\/03\/Imatge-2-1-scaled.jpg","datePublished":"2024-03-14T10:09:32+00:00","dateModified":"2024-03-19T13:07:58+00:00","breadcrumb":{"@id":"https:\/\/salabbk.bbk.eus\/eu\/eventos\/joao-caetano-2\/#breadcrumb"},"inLanguage":"eu-ES","potentialAction":[{"@type":"ReadAction","target":["https:\/\/salabbk.bbk.eus\/eu\/eventos\/joao-caetano-2\/"]}]},{"@type":"ImageObject","inLanguage":"eu-ES","@id":"https:\/\/salabbk.bbk.eus\/eu\/eventos\/joao-caetano-2\/#primaryimage","url":"https:\/\/salabbk.bbk.eus\/wp-content\/uploads\/2024\/03\/Imatge-2-1-scaled.jpg","contentUrl":"https:\/\/salabbk.bbk.eus\/wp-content\/uploads\/2024\/03\/Imatge-2-1-scaled.jpg","width":2560,"height":1707},{"@type":"BreadcrumbList","@id":"https:\/\/salabbk.bbk.eus\/eu\/eventos\/joao-caetano-2\/#breadcrumb","itemListElement":[{"@type":"ListItem","position":1,"name":"Hasiera","item":"https:\/\/salabbk.bbk.eus\/eu\/"},{"@type":"ListItem","position":2,"name":"Gertaerak","item":"https:\/\/salabbk.bbk.eus\/eu\/eventos\/"},{"@type":"ListItem","position":3,"name":"Musika","item":"https:\/\/salabbk.bbk.eus\/eu\/gertaera-kategoriak\/musika\/"},{"@type":"ListItem","position":4,"name":"JO\u00c2O CAETANO"}]},{"@type":"WebSite","@id":"https:\/\/salabbk.bbk.eus\/eu\/#website","url":"https:\/\/salabbk.bbk.eus\/eu\/","name":"Sala BBK","description":"Espect\u00e1culos, cultura en vivo en el centro de Bilbao","potentialAction":[{"@type":"SearchAction","target":{"@type":"EntryPoint","urlTemplate":"https:\/\/salabbk.bbk.eus\/eu\/?s={search_term_string}"},"query-input":{"@type":"PropertyValueSpecification","valueRequired":true,"valueName":"search_term_string"}}],"inLanguage":"eu-ES"}]}},"_links":{"self":[{"href":"https:\/\/salabbk.bbk.eus\/eu\/wp-json\/wp\/v2\/eventos\/19061","targetHints":{"allow":["GET"]}}],"collection":[{"href":"https:\/\/salabbk.bbk.eus\/eu\/wp-json\/wp\/v2\/eventos"}],"about":[{"href":"https:\/\/salabbk.bbk.eus\/eu\/wp-json\/wp\/v2\/types\/eventos"}],"author":[{"embeddable":true,"href":"https:\/\/salabbk.bbk.eus\/eu\/wp-json\/wp\/v2\/users\/15"}],"wp:featuredmedia":[{"embeddable":true,"href":"https:\/\/salabbk.bbk.eus\/eu\/wp-json\/wp\/v2\/media\/19057"}],"wp:attachment":[{"href":"https:\/\/salabbk.bbk.eus\/eu\/wp-json\/wp\/v2\/media?parent=19061"}],"wp:term":[{"taxonomy":"categoria-evento","embeddable":true,"href":"https:\/\/salabbk.bbk.eus\/eu\/wp-json\/wp\/v2\/categoria-evento?post=19061"},{"taxonomy":"etiqueta-evento","embeddable":true,"href":"https:\/\/salabbk.bbk.eus\/eu\/wp-json\/wp\/v2\/etiqueta-evento?post=19061"}],"curies":[{"name":"wp","href":"https:\/\/api.w.org\/{rel}","templated":true}]}}

JOÂO CAETANO

<p>Joâo Caetano, musikaria, ekoizlea eta artista. Aita portugaldarren semea da Macaon jaioa. 2024ko martxoan kaleratuko duen EP berriaren lehen aurrerapen singlea aurkeztu berri du. &#8220;A Tua Ausência&#8221; abestiak Paulo Aberu limeñarraren letra eta Joâo Caetanoren musika ditu. Bien arteko adiskidetasun eta hurbiltasun handiko harremanetik sortu zen, non gitarrak, erritmo portugaldarrak eta afrikarrak, bonboak eta panderetak ez diren falta.</p>



<p>Singlearen grabazioak Lisboa eta Londres artean egin ziren eta André Dias, Inês Vaz eta Seth Tackaberryk parte hartu zuten. Nahasketa eta masterizazioa Mo Hausler U2 eta The Script taldeetako ingeniariaren eskutik, zeinarekin Joâo lanean ari baita duela 12 urte baino gehiagotik. Estudioko lan berrian, &#8220;Cada Vez Mais&#8221; EPa, martxoan kaleratzekoa dena, Joâo Caetanok Paulo Aberu de Lima poetarekin, kantu gehienen egilearekin, igarotako uneak hilezkortzen ditu.</p>



<p>Solo, Caetano, portugaldar musika tradizionala, fadoa eta portugaldar herri instrumentuak berrasmatzen ditu, Lavacolhosen bonboak, portugaldar gitarra eta akordeoia handikiro gehitzen dituen itxura berri batean. Gaur egun lan berri bat prestatzen ari da 2024rako, Portugalen, Lisboan, Maria Matos Antzokian apirilaren 15ean, baina baita Espainian, Ingalaterran eta Bulgarian ere.</p>

<p>Joâo Caetano, musikaria, ekoizlea eta artista. Aita portugaldarren semea da Macaon jaioa. 2024ko martxoan kaleratuko duen EP berriaren lehen aurrerapen singlea aurkeztu berri du. &#8220;A Tua Ausência&#8221; abestiak Paulo Aberu limeñarraren letra eta Joâo Caetanoren musika ditu. Bien arteko adiskidetasun eta hurbiltasun handiko harremanetik sortu zen, non gitarrak, erritmo portugaldarrak eta afrikarrak, bonboak eta panderetak [&hellip;]</p>

<!-- This site is optimized with the Yoast SEO plugin v27.0 - https://yoast.com/product/yoast-seo-wordpress/ -->
<title>JOÂO CAETANO - Sala BBK</title>
<meta name="robots" content="index, follow, max-snippet:-1, max-image-preview:large, max-video-preview:-1" />
<link rel="canonical" href="https://salabbk.bbk.eus/eu/eventos/joao-caetano-2/" />
<meta property="og:locale" content="eu_ES" />
<meta property="og:type" content="article" />
<meta property="og:title" content="JOÂO CAETANO - Sala BBK" />
<meta property="og:description" content="Joâo Caetano, musikaria, ekoizlea eta artista. Aita portugaldarren semea da Macaon jaioa. 2024ko martxoan kaleratuko duen EP berriaren lehen aurrerapen singlea aurkeztu berri du. &#8220;A Tua Ausência&#8221; abestiak Paulo Aberu limeñarraren letra eta Joâo Caetanoren musika ditu. Bien arteko adiskidetasun eta hurbiltasun handiko harremanetik sortu zen, non gitarrak, erritmo portugaldarrak eta afrikarrak, bonboak eta panderetak [&hellip;]" />
<meta property="og:url" content="https://salabbk.bbk.eus/eu/eventos/joao-caetano-2/" />
<meta property="og:site_name" content="Sala BBK" />
<meta property="article:modified_time" content="2024-03-19T13:07:58+00:00" />
<meta property="og:image" content="https://salabbk.bbk.eus/wp-content/uploads/2024/03/Imatge-2-1-scaled.jpg" />
	<meta property="og:image:width" content="2560" />
	<meta property="og:image:height" content="1707" />
	<meta property="og:image:type" content="image/jpeg" />
<meta name="twitter:card" content="summary_large_image" />
<script type="application/ld+json" class="yoast-schema-graph">{"@context":"https://schema.org","@graph":[{"@type":"WebPage","@id":"https://salabbk.bbk.eus/eu/eventos/joao-caetano-2/","url":"https://salabbk.bbk.eus/eu/eventos/joao-caetano-2/","name":"JOÂO CAETANO - Sala BBK","isPartOf":{"@id":"https://salabbk.bbk.eus/eu/#website"},"primaryImageOfPage":{"@id":"https://salabbk.bbk.eus/eu/eventos/joao-caetano-2/#primaryimage"},"image":{"@id":"https://salabbk.bbk.eus/eu/eventos/joao-caetano-2/#primaryimage"},"thumbnailUrl":"https://salabbk.bbk.eus/wp-content/uploads/2024/03/Imatge-2-1-scaled.jpg","datePublished":"2024-03-14T10:09:32+00:00","dateModified":"2024-03-19T13:07:58+00:00","breadcrumb":{"@id":"https://salabbk.bbk.eus/eu/eventos/joao-caetano-2/#breadcrumb"},"inLanguage":"eu-ES","potentialAction":[{"@type":"ReadAction","target":["https://salabbk.bbk.eus/eu/eventos/joao-caetano-2/"]}]},{"@type":"ImageObject","inLanguage":"eu-ES","@id":"https://salabbk.bbk.eus/eu/eventos/joao-caetano-2/#primaryimage","url":"https://salabbk.bbk.eus/wp-content/uploads/2024/03/Imatge-2-1-scaled.jpg","contentUrl":"https://salabbk.bbk.eus/wp-content/uploads/2024/03/Imatge-2-1-scaled.jpg","width":2560,"height":1707},{"@type":"BreadcrumbList","@id":"https://salabbk.bbk.eus/eu/eventos/joao-caetano-2/#breadcrumb","itemListElement":[{"@type":"ListItem","position":1,"name":"Hasiera","item":"https://salabbk.bbk.eus/eu/"},{"@type":"ListItem","position":2,"name":"Gertaerak","item":"https://salabbk.bbk.eus/eu/eventos/"},{"@type":"ListItem","position":3,"name":"Musika","item":"https://salabbk.bbk.eus/eu/gertaera-kategoriak/musika/"},{"@type":"ListItem","position":4,"name":"JOÂO CAETANO"}]},{"@type":"WebSite","@id":"https://salabbk.bbk.eus/eu/#website","url":"https://salabbk.bbk.eus/eu/","name":"Sala BBK","description":"Espectáculos, cultura en vivo en el centro de Bilbao","potentialAction":[{"@type":"SearchAction","target":{"@type":"EntryPoint","urlTemplate":"https://salabbk.bbk.eus/eu/?s={search_term_string}"},"query-input":{"@type":"PropertyValueSpecification","valueRequired":true,"valueName":"search_term_string"}}],"inLanguage":"eu-ES"}]}</script>
<!-- / Yoast SEO plugin. -->

JOÂO CAETANO - Sala BBK

Joâo Caetano, musikaria, ekoizlea eta artista. Aita portugaldarren semea da Macaon jaioa. 2024ko martxoan kaleratuko duen EP berriaren lehen aurrerapen singlea aurkeztu berri du. &#8220;A Tua Ausência&#8221; abestiak Paulo Aberu limeñarraren letra eta Joâo Caetanoren musika ditu. Bien arteko adiskidetasun eta hurbiltasun handiko harremanetik sortu zen, non gitarrak, erritmo portugaldarrak eta afrikarrak, bonboak eta panderetak [&hellip;]

Espectáculos, cultura en vivo en el centro de Bilbao
