{"id":15000,"date":"2022-02-22T16:22:28","date_gmt":"2022-02-22T14:22:28","guid":{"rendered":"http:\/\/localhost:8380\/eu\/eventos\/club-del-rio-2\/"},"modified":"2022-02-22T16:22:28","modified_gmt":"2022-02-22T14:22:28","slug":"club-del-rio-2","status":"publish","type":"eventos","link":"https:\/\/salabbk.bbk.eus\/eu\/eventos\/club-del-rio-2\/","title":{"rendered":"Club del R\u00edo"},"content":{"rendered":"<p>BBK ON STAGE 2022<\/p>\n<p>Club del R\u00edo 2013an jaio zen izen bereko single bat argitaratuz, aurretik Pablo Estrella ekoizlearekin egindako lan bati buruzkoa, eta, ondoren, Juan de Diosekin grabatutako \u00abMonz\u00f3n\u00bb (2014, El Volc\u00e1n M\u00fasica) kaleratu zuen. Lehen disko honek pixkanaka Madrilgo eszenara eramaten ditu, hazten ikusi dituen hirira, eta 2015ean Girando Por Salas-ek (GPS) aukeratu zituen. Horri esker, lehen lan horiek Espainiako lurraldean zehar eraman ahal izan zituzten.<\/p>\n<p>Beste bira bat egin zuten, oraingoan Artistas en Ruta (AIE) lanarekin Espainiako hiri nagusietatik aukeratuak eta RNE3ren babespean Casa Encendidan eta San Isidro jaietan (Madril) aritu ziren eta Ben Harperren kontzertua irekitzera gonbidatu zituzten Lisboako Coliseun.<\/p>\n<p>Bere hurrengo argitalpena, Tuetano Music-ek Adri\u00e1n Cores eta 33 Nudosekin batera asmatutako ikus-entzunezko proposamen gisa sortu zena, album digital bat izan zen azkenean: \u00abClub: sesioak Tu\u00e9tano Estudio-n (2019, El Volc\u00e1n M\u00fasica), non bere zazpi abesti berrinterpretatu zituzten, honako hauekin batera: Joe la Reina, Mar\u00eda de la Flor, Ni\u00f1o de Elche, Ede, Kinfolks eta Tibory Boxy Sox.<br \/>\nGaur egun, Lejos Contigo izeneko album berria estreinatzen ari dira. Taldearen proposamena albuma digitalean bereizitako bi zatitan estreinatzea izan da, lehenik eta behin 8 abestiz osatutako urrunak, 2021eko otsailean estreinatu zena eta gero urte bereko irailean bigarren zatia atera zuten, &#8220;Zurekin&#8221; izenekoa.<\/p>\n<p>Bi LG horien batasunak bat egiten du bere lehen luzemuga autoeditatua izango denarekin: \u00abUrrutiak zurekin\u00bb (Club del R\u00edo 2021).<\/p>\n<p><a href=\"https:\/\/tickets.kutxabank.es\/#\/eu\/detalle\/2304CLUBDELRIO@Janto_KB\/20SBBK\" target=\"_blank\" rel=\"noopener noreferrer\"><img loading=\"lazy\" decoding=\"async\" class=\"alignleft wp-image-780 size-full\" src=\"https:\/\/salabbk.bbk.eus\/wp-content\/uploads\/2016\/04\/tickets.png\" alt=\"tickets\" width=\"100\" height=\"24\" \/><\/a><\/p>\n","protected":false},"excerpt":{"rendered":"<p>BBK ON STAGE 2022 Club del R\u00edo 2013an jaio zen izen bereko single bat argitaratuz, aurretik Pablo Estrella ekoizlearekin egindako lan bati buruzkoa, eta, ondoren, Juan de Diosekin grabatutako \u00abMonz\u00f3n\u00bb (2014, El Volc\u00e1n M\u00fasica) kaleratu zuen. Lehen disko honek pixkanaka Madrilgo eszenara eramaten ditu, hazten ikusi dituen hirira, eta 2015ean Girando Por Salas-ek (GPS) aukeratu [&hellip;]<\/p>\n","protected":false},"author":13,"featured_media":11995,"parent":0,"menu_order":0,"template":"","categoria-evento":[1239],"etiqueta-evento":[2134],"class_list":["post-15000","eventos","type-eventos","status-publish","has-post-thumbnail","hentry","categoria-evento-musica","etiqueta-evento-club-del-rio-eu"],"acf":{"ctp_evento_fecha_inicio":"2022-04-23","ctp_evento_hora_inicio":"20:00:12","ctp_evento_fecha_fin":"2022-04-23","ctp_evento_hora_fin":"21:00:12","ctp_evento_coste":"","ctp_evento_informacion_adicional":"15\u20ac. <br>Descuento: 10% con tarjetas Kutxabank. <br>Deskontua: %10 Kutxabankeko txartelekin.","ctp_evento_tickets":"https:\/\/tickets.kutxabank.es\/#\/eu\/detalle\/2304CLUBDELRIO@Janto_KB\/20SBBK"},"yoast_head":"<!-- This site is optimized with the Yoast SEO plugin v27.0 - https:\/\/yoast.com\/product\/yoast-seo-wordpress\/ -->\n<title>Club del R\u00edo - Sala BBK<\/title>\n<meta name=\"robots\" content=\"index, follow, max-snippet:-1, max-image-preview:large, max-video-preview:-1\" \/>\n<link rel=\"canonical\" href=\"https:\/\/salabbk.bbk.eus\/eu\/eventos\/club-del-rio-2\/\" \/>\n<meta property=\"og:locale\" content=\"eu_ES\" \/>\n<meta property=\"og:type\" content=\"article\" \/>\n<meta property=\"og:title\" content=\"Club del R\u00edo - Sala BBK\" \/>\n<meta property=\"og:description\" content=\"BBK ON STAGE 2022 Club del R\u00edo 2013an jaio zen izen bereko single bat argitaratuz, aurretik Pablo Estrella ekoizlearekin egindako lan bati buruzkoa, eta, ondoren, Juan de Diosekin grabatutako \u00abMonz\u00f3n\u00bb (2014, El Volc\u00e1n M\u00fasica) kaleratu zuen. Lehen disko honek pixkanaka Madrilgo eszenara eramaten ditu, hazten ikusi dituen hirira, eta 2015ean Girando Por Salas-ek (GPS) aukeratu [&hellip;]\" \/>\n<meta property=\"og:url\" content=\"https:\/\/salabbk.bbk.eus\/eu\/eventos\/club-del-rio-2\/\" \/>\n<meta property=\"og:site_name\" content=\"Sala BBK\" \/>\n<meta property=\"og:image\" content=\"https:\/\/salabbk.bbk.eus\/wp-content\/uploads\/2022\/02\/SALABBK_FEBRERO_CLUB-DEL-RIO_PRO.jpg\" \/>\n\t<meta property=\"og:image:width\" content=\"900\" \/>\n\t<meta property=\"og:image:height\" content=\"350\" \/>\n\t<meta property=\"og:image:type\" content=\"image\/jpeg\" \/>\n<meta name=\"twitter:card\" content=\"summary_large_image\" \/>\n<meta name=\"twitter:label1\" content=\"Est. reading time\" \/>\n\t<meta name=\"twitter:data1\" content=\"1 minute\" \/>\n<script type=\"application\/ld+json\" class=\"yoast-schema-graph\">{\"@context\":\"https:\/\/schema.org\",\"@graph\":[{\"@type\":\"WebPage\",\"@id\":\"https:\/\/salabbk.bbk.eus\/eu\/eventos\/club-del-rio-2\/\",\"url\":\"https:\/\/salabbk.bbk.eus\/eu\/eventos\/club-del-rio-2\/\",\"name\":\"Club del R\u00edo - Sala BBK\",\"isPartOf\":{\"@id\":\"https:\/\/salabbk.bbk.eus\/eu\/#website\"},\"primaryImageOfPage\":{\"@id\":\"https:\/\/salabbk.bbk.eus\/eu\/eventos\/club-del-rio-2\/#primaryimage\"},\"image\":{\"@id\":\"https:\/\/salabbk.bbk.eus\/eu\/eventos\/club-del-rio-2\/#primaryimage\"},\"thumbnailUrl\":\"https:\/\/salabbk.bbk.eus\/wp-content\/uploads\/2022\/02\/SALABBK_FEBRERO_CLUB-DEL-RIO_PRO.jpg\",\"datePublished\":\"2022-02-22T14:22:28+00:00\",\"breadcrumb\":{\"@id\":\"https:\/\/salabbk.bbk.eus\/eu\/eventos\/club-del-rio-2\/#breadcrumb\"},\"inLanguage\":\"eu-ES\",\"potentialAction\":[{\"@type\":\"ReadAction\",\"target\":[\"https:\/\/salabbk.bbk.eus\/eu\/eventos\/club-del-rio-2\/\"]}]},{\"@type\":\"ImageObject\",\"inLanguage\":\"eu-ES\",\"@id\":\"https:\/\/salabbk.bbk.eus\/eu\/eventos\/club-del-rio-2\/#primaryimage\",\"url\":\"https:\/\/salabbk.bbk.eus\/wp-content\/uploads\/2022\/02\/SALABBK_FEBRERO_CLUB-DEL-RIO_PRO.jpg\",\"contentUrl\":\"https:\/\/salabbk.bbk.eus\/wp-content\/uploads\/2022\/02\/SALABBK_FEBRERO_CLUB-DEL-RIO_PRO.jpg\",\"width\":900,\"height\":350},{\"@type\":\"BreadcrumbList\",\"@id\":\"https:\/\/salabbk.bbk.eus\/eu\/eventos\/club-del-rio-2\/#breadcrumb\",\"itemListElement\":[{\"@type\":\"ListItem\",\"position\":1,\"name\":\"Hasiera\",\"item\":\"https:\/\/salabbk.bbk.eus\/eu\/\"},{\"@type\":\"ListItem\",\"position\":2,\"name\":\"Gertaerak\",\"item\":\"https:\/\/salabbk.bbk.eus\/eu\/eventos\/\"},{\"@type\":\"ListItem\",\"position\":3,\"name\":\"Musika\",\"item\":\"https:\/\/salabbk.bbk.eus\/eu\/gertaera-kategoriak\/musika\/\"},{\"@type\":\"ListItem\",\"position\":4,\"name\":\"Club del R\u00edo\"}]},{\"@type\":\"WebSite\",\"@id\":\"https:\/\/salabbk.bbk.eus\/eu\/#website\",\"url\":\"https:\/\/salabbk.bbk.eus\/eu\/\",\"name\":\"Sala BBK\",\"description\":\"Espect\u00e1culos, cultura en vivo en el centro de Bilbao\",\"potentialAction\":[{\"@type\":\"SearchAction\",\"target\":{\"@type\":\"EntryPoint\",\"urlTemplate\":\"https:\/\/salabbk.bbk.eus\/eu\/?s={search_term_string}\"},\"query-input\":{\"@type\":\"PropertyValueSpecification\",\"valueRequired\":true,\"valueName\":\"search_term_string\"}}],\"inLanguage\":\"eu-ES\"}]}<\/script>\n<!-- \/ Yoast SEO plugin. -->","yoast_head_json":{"title":"Club del R\u00edo - Sala BBK","robots":{"index":"index","follow":"follow","max-snippet":"max-snippet:-1","max-image-preview":"max-image-preview:large","max-video-preview":"max-video-preview:-1"},"canonical":"https:\/\/salabbk.bbk.eus\/eu\/eventos\/club-del-rio-2\/","og_locale":"eu_ES","og_type":"article","og_title":"Club del R\u00edo - Sala BBK","og_description":"BBK ON STAGE 2022 Club del R\u00edo 2013an jaio zen izen bereko single bat argitaratuz, aurretik Pablo Estrella ekoizlearekin egindako lan bati buruzkoa, eta, ondoren, Juan de Diosekin grabatutako \u00abMonz\u00f3n\u00bb (2014, El Volc\u00e1n M\u00fasica) kaleratu zuen. Lehen disko honek pixkanaka Madrilgo eszenara eramaten ditu, hazten ikusi dituen hirira, eta 2015ean Girando Por Salas-ek (GPS) aukeratu [&hellip;]","og_url":"https:\/\/salabbk.bbk.eus\/eu\/eventos\/club-del-rio-2\/","og_site_name":"Sala BBK","og_image":[{"width":900,"height":350,"url":"https:\/\/salabbk.bbk.eus\/wp-content\/uploads\/2022\/02\/SALABBK_FEBRERO_CLUB-DEL-RIO_PRO.jpg","type":"image\/jpeg"}],"twitter_card":"summary_large_image","twitter_misc":{"Est. reading time":"1 minute"},"schema":{"@context":"https:\/\/schema.org","@graph":[{"@type":"WebPage","@id":"https:\/\/salabbk.bbk.eus\/eu\/eventos\/club-del-rio-2\/","url":"https:\/\/salabbk.bbk.eus\/eu\/eventos\/club-del-rio-2\/","name":"Club del R\u00edo - Sala BBK","isPartOf":{"@id":"https:\/\/salabbk.bbk.eus\/eu\/#website"},"primaryImageOfPage":{"@id":"https:\/\/salabbk.bbk.eus\/eu\/eventos\/club-del-rio-2\/#primaryimage"},"image":{"@id":"https:\/\/salabbk.bbk.eus\/eu\/eventos\/club-del-rio-2\/#primaryimage"},"thumbnailUrl":"https:\/\/salabbk.bbk.eus\/wp-content\/uploads\/2022\/02\/SALABBK_FEBRERO_CLUB-DEL-RIO_PRO.jpg","datePublished":"2022-02-22T14:22:28+00:00","breadcrumb":{"@id":"https:\/\/salabbk.bbk.eus\/eu\/eventos\/club-del-rio-2\/#breadcrumb"},"inLanguage":"eu-ES","potentialAction":[{"@type":"ReadAction","target":["https:\/\/salabbk.bbk.eus\/eu\/eventos\/club-del-rio-2\/"]}]},{"@type":"ImageObject","inLanguage":"eu-ES","@id":"https:\/\/salabbk.bbk.eus\/eu\/eventos\/club-del-rio-2\/#primaryimage","url":"https:\/\/salabbk.bbk.eus\/wp-content\/uploads\/2022\/02\/SALABBK_FEBRERO_CLUB-DEL-RIO_PRO.jpg","contentUrl":"https:\/\/salabbk.bbk.eus\/wp-content\/uploads\/2022\/02\/SALABBK_FEBRERO_CLUB-DEL-RIO_PRO.jpg","width":900,"height":350},{"@type":"BreadcrumbList","@id":"https:\/\/salabbk.bbk.eus\/eu\/eventos\/club-del-rio-2\/#breadcrumb","itemListElement":[{"@type":"ListItem","position":1,"name":"Hasiera","item":"https:\/\/salabbk.bbk.eus\/eu\/"},{"@type":"ListItem","position":2,"name":"Gertaerak","item":"https:\/\/salabbk.bbk.eus\/eu\/eventos\/"},{"@type":"ListItem","position":3,"name":"Musika","item":"https:\/\/salabbk.bbk.eus\/eu\/gertaera-kategoriak\/musika\/"},{"@type":"ListItem","position":4,"name":"Club del R\u00edo"}]},{"@type":"WebSite","@id":"https:\/\/salabbk.bbk.eus\/eu\/#website","url":"https:\/\/salabbk.bbk.eus\/eu\/","name":"Sala BBK","description":"Espect\u00e1culos, cultura en vivo en el centro de Bilbao","potentialAction":[{"@type":"SearchAction","target":{"@type":"EntryPoint","urlTemplate":"https:\/\/salabbk.bbk.eus\/eu\/?s={search_term_string}"},"query-input":{"@type":"PropertyValueSpecification","valueRequired":true,"valueName":"search_term_string"}}],"inLanguage":"eu-ES"}]}},"_links":{"self":[{"href":"https:\/\/salabbk.bbk.eus\/eu\/wp-json\/wp\/v2\/eventos\/15000","targetHints":{"allow":["GET"]}}],"collection":[{"href":"https:\/\/salabbk.bbk.eus\/eu\/wp-json\/wp\/v2\/eventos"}],"about":[{"href":"https:\/\/salabbk.bbk.eus\/eu\/wp-json\/wp\/v2\/types\/eventos"}],"author":[{"embeddable":true,"href":"https:\/\/salabbk.bbk.eus\/eu\/wp-json\/wp\/v2\/users\/13"}],"wp:featuredmedia":[{"embeddable":true,"href":"https:\/\/salabbk.bbk.eus\/eu\/wp-json\/wp\/v2\/media\/11995"}],"wp:attachment":[{"href":"https:\/\/salabbk.bbk.eus\/eu\/wp-json\/wp\/v2\/media?parent=15000"}],"wp:term":[{"taxonomy":"categoria-evento","embeddable":true,"href":"https:\/\/salabbk.bbk.eus\/eu\/wp-json\/wp\/v2\/categoria-evento?post=15000"},{"taxonomy":"etiqueta-evento","embeddable":true,"href":"https:\/\/salabbk.bbk.eus\/eu\/wp-json\/wp\/v2\/etiqueta-evento?post=15000"}],"curies":[{"name":"wp","href":"https:\/\/api.w.org\/{rel}","templated":true}]}}

Club del Río

<p>BBK ON STAGE 2022</p>
<p>Club del Río 2013an jaio zen izen bereko single bat argitaratuz, aurretik Pablo Estrella ekoizlearekin egindako lan bati buruzkoa, eta, ondoren, Juan de Diosekin grabatutako «Monzón» (2014, El Volcán Música) kaleratu zuen. Lehen disko honek pixkanaka Madrilgo eszenara eramaten ditu, hazten ikusi dituen hirira, eta 2015ean Girando Por Salas-ek (GPS) aukeratu zituen. Horri esker, lehen lan horiek Espainiako lurraldean zehar eraman ahal izan zituzten.</p>
<p>Beste bira bat egin zuten, oraingoan Artistas en Ruta (AIE) lanarekin Espainiako hiri nagusietatik aukeratuak eta RNE3ren babespean Casa Encendidan eta San Isidro jaietan (Madril) aritu ziren eta Ben Harperren kontzertua irekitzera gonbidatu zituzten Lisboako Coliseun.</p>
<p>Bere hurrengo argitalpena, Tuetano Music-ek Adrián Cores eta 33 Nudosekin batera asmatutako ikus-entzunezko proposamen gisa sortu zena, album digital bat izan zen azkenean: «Club: sesioak Tuétano Estudio-n (2019, El Volcán Música), non bere zazpi abesti berrinterpretatu zituzten, honako hauekin batera: Joe la Reina, María de la Flor, Niño de Elche, Ede, Kinfolks eta Tibory Boxy Sox.<br />
Gaur egun, Lejos Contigo izeneko album berria estreinatzen ari dira. Taldearen proposamena albuma digitalean bereizitako bi zatitan estreinatzea izan da, lehenik eta behin 8 abestiz osatutako urrunak, 2021eko otsailean estreinatu zena eta gero urte bereko irailean bigarren zatia atera zuten, &#8220;Zurekin&#8221; izenekoa.</p>
<p>Bi LG horien batasunak bat egiten du bere lehen luzemuga autoeditatua izango denarekin: «Urrutiak zurekin» (Club del Río 2021).</p>
<p><a href="https://tickets.kutxabank.es/#/eu/detalle/2304CLUBDELRIO@Janto_KB/20SBBK" target="_blank" rel="noopener noreferrer"><img loading="lazy" decoding="async" class="alignleft wp-image-780 size-full" src="https://salabbk.bbk.eus/wp-content/uploads/2016/04/tickets.png" alt="tickets" width="100" height="24" /></a></p>

<p>BBK ON STAGE 2022 Club del Río 2013an jaio zen izen bereko single bat argitaratuz, aurretik Pablo Estrella ekoizlearekin egindako lan bati buruzkoa, eta, ondoren, Juan de Diosekin grabatutako «Monzón» (2014, El Volcán Música) kaleratu zuen. Lehen disko honek pixkanaka Madrilgo eszenara eramaten ditu, hazten ikusi dituen hirira, eta 2015ean Girando Por Salas-ek (GPS) aukeratu [&hellip;]</p>

<!-- This site is optimized with the Yoast SEO plugin v27.0 - https://yoast.com/product/yoast-seo-wordpress/ -->
<title>Club del Río - Sala BBK</title>
<meta name="robots" content="index, follow, max-snippet:-1, max-image-preview:large, max-video-preview:-1" />
<link rel="canonical" href="https://salabbk.bbk.eus/eu/eventos/club-del-rio-2/" />
<meta property="og:locale" content="eu_ES" />
<meta property="og:type" content="article" />
<meta property="og:title" content="Club del Río - Sala BBK" />
<meta property="og:description" content="BBK ON STAGE 2022 Club del Río 2013an jaio zen izen bereko single bat argitaratuz, aurretik Pablo Estrella ekoizlearekin egindako lan bati buruzkoa, eta, ondoren, Juan de Diosekin grabatutako «Monzón» (2014, El Volcán Música) kaleratu zuen. Lehen disko honek pixkanaka Madrilgo eszenara eramaten ditu, hazten ikusi dituen hirira, eta 2015ean Girando Por Salas-ek (GPS) aukeratu [&hellip;]" />
<meta property="og:url" content="https://salabbk.bbk.eus/eu/eventos/club-del-rio-2/" />
<meta property="og:site_name" content="Sala BBK" />
<meta property="og:image" content="https://salabbk.bbk.eus/wp-content/uploads/2022/02/SALABBK_FEBRERO_CLUB-DEL-RIO_PRO.jpg" />
	<meta property="og:image:width" content="900" />
	<meta property="og:image:height" content="350" />
	<meta property="og:image:type" content="image/jpeg" />
<meta name="twitter:card" content="summary_large_image" />
<meta name="twitter:label1" content="Est. reading time" />
	<meta name="twitter:data1" content="1 minute" />
<script type="application/ld+json" class="yoast-schema-graph">{"@context":"https://schema.org","@graph":[{"@type":"WebPage","@id":"https://salabbk.bbk.eus/eu/eventos/club-del-rio-2/","url":"https://salabbk.bbk.eus/eu/eventos/club-del-rio-2/","name":"Club del Río - Sala BBK","isPartOf":{"@id":"https://salabbk.bbk.eus/eu/#website"},"primaryImageOfPage":{"@id":"https://salabbk.bbk.eus/eu/eventos/club-del-rio-2/#primaryimage"},"image":{"@id":"https://salabbk.bbk.eus/eu/eventos/club-del-rio-2/#primaryimage"},"thumbnailUrl":"https://salabbk.bbk.eus/wp-content/uploads/2022/02/SALABBK_FEBRERO_CLUB-DEL-RIO_PRO.jpg","datePublished":"2022-02-22T14:22:28+00:00","breadcrumb":{"@id":"https://salabbk.bbk.eus/eu/eventos/club-del-rio-2/#breadcrumb"},"inLanguage":"eu-ES","potentialAction":[{"@type":"ReadAction","target":["https://salabbk.bbk.eus/eu/eventos/club-del-rio-2/"]}]},{"@type":"ImageObject","inLanguage":"eu-ES","@id":"https://salabbk.bbk.eus/eu/eventos/club-del-rio-2/#primaryimage","url":"https://salabbk.bbk.eus/wp-content/uploads/2022/02/SALABBK_FEBRERO_CLUB-DEL-RIO_PRO.jpg","contentUrl":"https://salabbk.bbk.eus/wp-content/uploads/2022/02/SALABBK_FEBRERO_CLUB-DEL-RIO_PRO.jpg","width":900,"height":350},{"@type":"BreadcrumbList","@id":"https://salabbk.bbk.eus/eu/eventos/club-del-rio-2/#breadcrumb","itemListElement":[{"@type":"ListItem","position":1,"name":"Hasiera","item":"https://salabbk.bbk.eus/eu/"},{"@type":"ListItem","position":2,"name":"Gertaerak","item":"https://salabbk.bbk.eus/eu/eventos/"},{"@type":"ListItem","position":3,"name":"Musika","item":"https://salabbk.bbk.eus/eu/gertaera-kategoriak/musika/"},{"@type":"ListItem","position":4,"name":"Club del Río"}]},{"@type":"WebSite","@id":"https://salabbk.bbk.eus/eu/#website","url":"https://salabbk.bbk.eus/eu/","name":"Sala BBK","description":"Espectáculos, cultura en vivo en el centro de Bilbao","potentialAction":[{"@type":"SearchAction","target":{"@type":"EntryPoint","urlTemplate":"https://salabbk.bbk.eus/eu/?s={search_term_string}"},"query-input":{"@type":"PropertyValueSpecification","valueRequired":true,"valueName":"search_term_string"}}],"inLanguage":"eu-ES"}]}</script>
<!-- / Yoast SEO plugin. -->

Club del Río - Sala BBK

BBK ON STAGE 2022 Club del Río 2013an jaio zen izen bereko single bat argitaratuz, aurretik Pablo Estrella ekoizlearekin egindako lan bati buruzkoa, eta, ondoren, Juan de Diosekin grabatutako «Monzón» (2014, El Volcán Música) kaleratu zuen. Lehen disko honek pixkanaka Madrilgo eszenara eramaten ditu, hazten ikusi dituen hirira, eta 2015ean Girando Por Salas-ek (GPS) aukeratu [&hellip;]

Espectáculos, cultura en vivo en el centro de Bilbao
