{"id":14945,"date":"2021-06-22T09:15:23","date_gmt":"2021-06-22T07:15:23","guid":{"rendered":"http:\/\/localhost:8380\/eu\/eventos\/bbk-off-festival-cerebro-metaforico-2\/"},"modified":"2021-06-22T09:15:23","modified_gmt":"2021-06-22T07:15:23","slug":"bbk-off-festival-cerebro-metaforico-2","status":"publish","type":"eventos","link":"https:\/\/salabbk.bbk.eus\/eu\/eventos\/bbk-off-festival-cerebro-metaforico-2\/","title":{"rendered":"BBK Off Festival. Cerebro Metaf\u00f3rico"},"content":{"rendered":"<p>Burmuin metaforikoari buruzkoa, herpes baten ondorengo terapiako burutazioak.<\/p>\n<p>Gure terapeutak dioenez, larruazaleko arazoek zerbait adierazi nahi dute.<\/p>\n<p>Gure herpesak hitz egiten dit, ez dut ulertzen.<\/p>\n<p>Gure terapeutak berraragitzeari buruz hitz egiten dit, burmuin metaforikoaz.<\/p>\n<p>Amamen erremedioak oso merkeak izaten dira.<\/p>\n<p>Gure terapeutak publiko bat izatea gomendatzen dit.<\/p>\n<p><strong>FITXA ARTISTIKOA:<\/strong> Sorkuntza eta interpretazioa: Loida A. G\u00f3mez Rubio; Mugimenduaren laguntzailea: Mar\u00eda Andr\u00e9s; Sorkuntzaren bideoa: Beatriz S\u00e1nchez; Argiztapenaren diseinua: Eduardo Garc\u00eda.<\/p>\n<p><a href=\"https:\/\/tickets.kutxabank.es\/#\/eu\/detalle\/CEREBRO0906@Janto_KB\/20SBBK\"><img loading=\"lazy\" decoding=\"async\" class=\"alignleft wp-image-779 size-full\" src=\"https:\/\/salabbk.bbk.eus\/wp-content\/uploads\/2016\/04\/tiketak.png\" alt=\"tiketak\" width=\"100\" height=\"24\" \/><\/a><\/p>\n","protected":false},"excerpt":{"rendered":"<p>Burmuin metaforikoari buruzkoa, herpes baten ondorengo terapiako burutazioak. Gure terapeutak dioenez, larruazaleko arazoek zerbait adierazi nahi dute. Gure herpesak hitz egiten dit, ez dut ulertzen. Gure terapeutak berraragitzeari buruz hitz egiten dit, burmuin metaforikoaz. Amamen erremedioak oso merkeak izaten dira. Gure terapeutak publiko bat izatea gomendatzen dit. FITXA ARTISTIKOA: Sorkuntza eta interpretazioa: Loida A. G\u00f3mez [&hellip;]<\/p>\n","protected":false},"author":13,"featured_media":10595,"parent":0,"menu_order":0,"template":"","categoria-evento":[1235],"etiqueta-evento":[],"class_list":["post-14945","eventos","type-eventos","status-publish","has-post-thumbnail","hentry","categoria-evento-teatro"],"acf":{"ctp_evento_fecha_inicio":"2021-07-09","ctp_evento_hora_inicio":"20:00:45","ctp_evento_fecha_fin":"2021-07-09","ctp_evento_hora_fin":"21:00:45","ctp_evento_coste":"","ctp_evento_informacion_adicional":"","ctp_evento_tickets":"https:\/\/tickets.kutxabank.es\/#\/eu\/detalle\/CEREBRO0906@Janto_KB\/20SBBK"},"yoast_head":"<!-- This site is optimized with the Yoast SEO plugin v27.0 - https:\/\/yoast.com\/product\/yoast-seo-wordpress\/ -->\n<title>BBK Off Festival. Cerebro Metaf\u00f3rico - Sala BBK<\/title>\n<meta name=\"robots\" content=\"index, follow, max-snippet:-1, max-image-preview:large, max-video-preview:-1\" \/>\n<link rel=\"canonical\" href=\"https:\/\/salabbk.bbk.eus\/eu\/eventos\/bbk-off-festival-cerebro-metaforico-2\/\" \/>\n<meta property=\"og:locale\" content=\"eu_ES\" \/>\n<meta property=\"og:type\" content=\"article\" \/>\n<meta property=\"og:title\" content=\"BBK Off Festival. Cerebro Metaf\u00f3rico - Sala BBK\" \/>\n<meta property=\"og:description\" content=\"Burmuin metaforikoari buruzkoa, herpes baten ondorengo terapiako burutazioak. Gure terapeutak dioenez, larruazaleko arazoek zerbait adierazi nahi dute. Gure herpesak hitz egiten dit, ez dut ulertzen. Gure terapeutak berraragitzeari buruz hitz egiten dit, burmuin metaforikoaz. Amamen erremedioak oso merkeak izaten dira. Gure terapeutak publiko bat izatea gomendatzen dit. FITXA ARTISTIKOA: Sorkuntza eta interpretazioa: Loida A. G\u00f3mez [&hellip;]\" \/>\n<meta property=\"og:url\" content=\"https:\/\/salabbk.bbk.eus\/eu\/eventos\/bbk-off-festival-cerebro-metaforico-2\/\" \/>\n<meta property=\"og:site_name\" content=\"Sala BBK\" \/>\n<meta property=\"og:image\" content=\"https:\/\/salabbk.bbk.eus\/wp-content\/uploads\/2021\/06\/SalaBBK_Cerebro_PRO.jpg\" \/>\n\t<meta property=\"og:image:width\" content=\"900\" \/>\n\t<meta property=\"og:image:height\" content=\"350\" \/>\n\t<meta property=\"og:image:type\" content=\"image\/jpeg\" \/>\n<meta name=\"twitter:card\" content=\"summary_large_image\" \/>\n<script type=\"application\/ld+json\" class=\"yoast-schema-graph\">{\"@context\":\"https:\/\/schema.org\",\"@graph\":[{\"@type\":\"WebPage\",\"@id\":\"https:\/\/salabbk.bbk.eus\/eu\/eventos\/bbk-off-festival-cerebro-metaforico-2\/\",\"url\":\"https:\/\/salabbk.bbk.eus\/eu\/eventos\/bbk-off-festival-cerebro-metaforico-2\/\",\"name\":\"BBK Off Festival. Cerebro Metaf\u00f3rico - Sala BBK\",\"isPartOf\":{\"@id\":\"https:\/\/salabbk.bbk.eus\/eu\/#website\"},\"primaryImageOfPage\":{\"@id\":\"https:\/\/salabbk.bbk.eus\/eu\/eventos\/bbk-off-festival-cerebro-metaforico-2\/#primaryimage\"},\"image\":{\"@id\":\"https:\/\/salabbk.bbk.eus\/eu\/eventos\/bbk-off-festival-cerebro-metaforico-2\/#primaryimage\"},\"thumbnailUrl\":\"https:\/\/salabbk.bbk.eus\/wp-content\/uploads\/2021\/06\/SalaBBK_Cerebro_PRO.jpg\",\"datePublished\":\"2021-06-22T07:15:23+00:00\",\"breadcrumb\":{\"@id\":\"https:\/\/salabbk.bbk.eus\/eu\/eventos\/bbk-off-festival-cerebro-metaforico-2\/#breadcrumb\"},\"inLanguage\":\"eu-ES\",\"potentialAction\":[{\"@type\":\"ReadAction\",\"target\":[\"https:\/\/salabbk.bbk.eus\/eu\/eventos\/bbk-off-festival-cerebro-metaforico-2\/\"]}]},{\"@type\":\"ImageObject\",\"inLanguage\":\"eu-ES\",\"@id\":\"https:\/\/salabbk.bbk.eus\/eu\/eventos\/bbk-off-festival-cerebro-metaforico-2\/#primaryimage\",\"url\":\"https:\/\/salabbk.bbk.eus\/wp-content\/uploads\/2021\/06\/SalaBBK_Cerebro_PRO.jpg\",\"contentUrl\":\"https:\/\/salabbk.bbk.eus\/wp-content\/uploads\/2021\/06\/SalaBBK_Cerebro_PRO.jpg\",\"width\":900,\"height\":350},{\"@type\":\"BreadcrumbList\",\"@id\":\"https:\/\/salabbk.bbk.eus\/eu\/eventos\/bbk-off-festival-cerebro-metaforico-2\/#breadcrumb\",\"itemListElement\":[{\"@type\":\"ListItem\",\"position\":1,\"name\":\"Hasiera\",\"item\":\"https:\/\/salabbk.bbk.eus\/eu\/\"},{\"@type\":\"ListItem\",\"position\":2,\"name\":\"Gertaerak\",\"item\":\"https:\/\/salabbk.bbk.eus\/eu\/eventos\/\"},{\"@type\":\"ListItem\",\"position\":3,\"name\":\"Antzerkia\",\"item\":\"https:\/\/salabbk.bbk.eus\/eu\/gertaera-kategoriak\/antzerkia\/\"},{\"@type\":\"ListItem\",\"position\":4,\"name\":\"BBK Off Festival. Cerebro Metaf\u00f3rico\"}]},{\"@type\":\"WebSite\",\"@id\":\"https:\/\/salabbk.bbk.eus\/eu\/#website\",\"url\":\"https:\/\/salabbk.bbk.eus\/eu\/\",\"name\":\"Sala BBK\",\"description\":\"Espect\u00e1culos, cultura en vivo en el centro de Bilbao\",\"potentialAction\":[{\"@type\":\"SearchAction\",\"target\":{\"@type\":\"EntryPoint\",\"urlTemplate\":\"https:\/\/salabbk.bbk.eus\/eu\/?s={search_term_string}\"},\"query-input\":{\"@type\":\"PropertyValueSpecification\",\"valueRequired\":true,\"valueName\":\"search_term_string\"}}],\"inLanguage\":\"eu-ES\"}]}<\/script>\n<!-- \/ Yoast SEO plugin. -->","yoast_head_json":{"title":"BBK Off Festival. Cerebro Metaf\u00f3rico - Sala BBK","robots":{"index":"index","follow":"follow","max-snippet":"max-snippet:-1","max-image-preview":"max-image-preview:large","max-video-preview":"max-video-preview:-1"},"canonical":"https:\/\/salabbk.bbk.eus\/eu\/eventos\/bbk-off-festival-cerebro-metaforico-2\/","og_locale":"eu_ES","og_type":"article","og_title":"BBK Off Festival. Cerebro Metaf\u00f3rico - Sala BBK","og_description":"Burmuin metaforikoari buruzkoa, herpes baten ondorengo terapiako burutazioak. Gure terapeutak dioenez, larruazaleko arazoek zerbait adierazi nahi dute. Gure herpesak hitz egiten dit, ez dut ulertzen. Gure terapeutak berraragitzeari buruz hitz egiten dit, burmuin metaforikoaz. Amamen erremedioak oso merkeak izaten dira. Gure terapeutak publiko bat izatea gomendatzen dit. FITXA ARTISTIKOA: Sorkuntza eta interpretazioa: Loida A. G\u00f3mez [&hellip;]","og_url":"https:\/\/salabbk.bbk.eus\/eu\/eventos\/bbk-off-festival-cerebro-metaforico-2\/","og_site_name":"Sala BBK","og_image":[{"width":900,"height":350,"url":"https:\/\/salabbk.bbk.eus\/wp-content\/uploads\/2021\/06\/SalaBBK_Cerebro_PRO.jpg","type":"image\/jpeg"}],"twitter_card":"summary_large_image","schema":{"@context":"https:\/\/schema.org","@graph":[{"@type":"WebPage","@id":"https:\/\/salabbk.bbk.eus\/eu\/eventos\/bbk-off-festival-cerebro-metaforico-2\/","url":"https:\/\/salabbk.bbk.eus\/eu\/eventos\/bbk-off-festival-cerebro-metaforico-2\/","name":"BBK Off Festival. Cerebro Metaf\u00f3rico - Sala BBK","isPartOf":{"@id":"https:\/\/salabbk.bbk.eus\/eu\/#website"},"primaryImageOfPage":{"@id":"https:\/\/salabbk.bbk.eus\/eu\/eventos\/bbk-off-festival-cerebro-metaforico-2\/#primaryimage"},"image":{"@id":"https:\/\/salabbk.bbk.eus\/eu\/eventos\/bbk-off-festival-cerebro-metaforico-2\/#primaryimage"},"thumbnailUrl":"https:\/\/salabbk.bbk.eus\/wp-content\/uploads\/2021\/06\/SalaBBK_Cerebro_PRO.jpg","datePublished":"2021-06-22T07:15:23+00:00","breadcrumb":{"@id":"https:\/\/salabbk.bbk.eus\/eu\/eventos\/bbk-off-festival-cerebro-metaforico-2\/#breadcrumb"},"inLanguage":"eu-ES","potentialAction":[{"@type":"ReadAction","target":["https:\/\/salabbk.bbk.eus\/eu\/eventos\/bbk-off-festival-cerebro-metaforico-2\/"]}]},{"@type":"ImageObject","inLanguage":"eu-ES","@id":"https:\/\/salabbk.bbk.eus\/eu\/eventos\/bbk-off-festival-cerebro-metaforico-2\/#primaryimage","url":"https:\/\/salabbk.bbk.eus\/wp-content\/uploads\/2021\/06\/SalaBBK_Cerebro_PRO.jpg","contentUrl":"https:\/\/salabbk.bbk.eus\/wp-content\/uploads\/2021\/06\/SalaBBK_Cerebro_PRO.jpg","width":900,"height":350},{"@type":"BreadcrumbList","@id":"https:\/\/salabbk.bbk.eus\/eu\/eventos\/bbk-off-festival-cerebro-metaforico-2\/#breadcrumb","itemListElement":[{"@type":"ListItem","position":1,"name":"Hasiera","item":"https:\/\/salabbk.bbk.eus\/eu\/"},{"@type":"ListItem","position":2,"name":"Gertaerak","item":"https:\/\/salabbk.bbk.eus\/eu\/eventos\/"},{"@type":"ListItem","position":3,"name":"Antzerkia","item":"https:\/\/salabbk.bbk.eus\/eu\/gertaera-kategoriak\/antzerkia\/"},{"@type":"ListItem","position":4,"name":"BBK Off Festival. Cerebro Metaf\u00f3rico"}]},{"@type":"WebSite","@id":"https:\/\/salabbk.bbk.eus\/eu\/#website","url":"https:\/\/salabbk.bbk.eus\/eu\/","name":"Sala BBK","description":"Espect\u00e1culos, cultura en vivo en el centro de Bilbao","potentialAction":[{"@type":"SearchAction","target":{"@type":"EntryPoint","urlTemplate":"https:\/\/salabbk.bbk.eus\/eu\/?s={search_term_string}"},"query-input":{"@type":"PropertyValueSpecification","valueRequired":true,"valueName":"search_term_string"}}],"inLanguage":"eu-ES"}]}},"_links":{"self":[{"href":"https:\/\/salabbk.bbk.eus\/eu\/wp-json\/wp\/v2\/eventos\/14945","targetHints":{"allow":["GET"]}}],"collection":[{"href":"https:\/\/salabbk.bbk.eus\/eu\/wp-json\/wp\/v2\/eventos"}],"about":[{"href":"https:\/\/salabbk.bbk.eus\/eu\/wp-json\/wp\/v2\/types\/eventos"}],"author":[{"embeddable":true,"href":"https:\/\/salabbk.bbk.eus\/eu\/wp-json\/wp\/v2\/users\/13"}],"wp:featuredmedia":[{"embeddable":true,"href":"https:\/\/salabbk.bbk.eus\/eu\/wp-json\/wp\/v2\/media\/10595"}],"wp:attachment":[{"href":"https:\/\/salabbk.bbk.eus\/eu\/wp-json\/wp\/v2\/media?parent=14945"}],"wp:term":[{"taxonomy":"categoria-evento","embeddable":true,"href":"https:\/\/salabbk.bbk.eus\/eu\/wp-json\/wp\/v2\/categoria-evento?post=14945"},{"taxonomy":"etiqueta-evento","embeddable":true,"href":"https:\/\/salabbk.bbk.eus\/eu\/wp-json\/wp\/v2\/etiqueta-evento?post=14945"}],"curies":[{"name":"wp","href":"https:\/\/api.w.org\/{rel}","templated":true}]}}

BBK Off Festival. Cerebro Metafórico

<p>Burmuin metaforikoari buruzkoa, herpes baten ondorengo terapiako burutazioak.</p>
<p>Gure terapeutak dioenez, larruazaleko arazoek zerbait adierazi nahi dute.</p>
<p>Gure herpesak hitz egiten dit, ez dut ulertzen.</p>
<p>Gure terapeutak berraragitzeari buruz hitz egiten dit, burmuin metaforikoaz.</p>
<p>Amamen erremedioak oso merkeak izaten dira.</p>
<p>Gure terapeutak publiko bat izatea gomendatzen dit.</p>
<p><strong>FITXA ARTISTIKOA:</strong> Sorkuntza eta interpretazioa: Loida A. Gómez Rubio; Mugimenduaren laguntzailea: María Andrés; Sorkuntzaren bideoa: Beatriz Sánchez; Argiztapenaren diseinua: Eduardo García.</p>
<p><a href="https://tickets.kutxabank.es/#/eu/detalle/CEREBRO0906@Janto_KB/20SBBK"><img loading="lazy" decoding="async" class="alignleft wp-image-779 size-full" src="https://salabbk.bbk.eus/wp-content/uploads/2016/04/tiketak.png" alt="tiketak" width="100" height="24" /></a></p>

<p>Burmuin metaforikoari buruzkoa, herpes baten ondorengo terapiako burutazioak. Gure terapeutak dioenez, larruazaleko arazoek zerbait adierazi nahi dute. Gure herpesak hitz egiten dit, ez dut ulertzen. Gure terapeutak berraragitzeari buruz hitz egiten dit, burmuin metaforikoaz. Amamen erremedioak oso merkeak izaten dira. Gure terapeutak publiko bat izatea gomendatzen dit. FITXA ARTISTIKOA: Sorkuntza eta interpretazioa: Loida A. Gómez [&hellip;]</p>

<!-- This site is optimized with the Yoast SEO plugin v27.0 - https://yoast.com/product/yoast-seo-wordpress/ -->
<title>BBK Off Festival. Cerebro Metafórico - Sala BBK</title>
<meta name="robots" content="index, follow, max-snippet:-1, max-image-preview:large, max-video-preview:-1" />
<link rel="canonical" href="https://salabbk.bbk.eus/eu/eventos/bbk-off-festival-cerebro-metaforico-2/" />
<meta property="og:locale" content="eu_ES" />
<meta property="og:type" content="article" />
<meta property="og:title" content="BBK Off Festival. Cerebro Metafórico - Sala BBK" />
<meta property="og:description" content="Burmuin metaforikoari buruzkoa, herpes baten ondorengo terapiako burutazioak. Gure terapeutak dioenez, larruazaleko arazoek zerbait adierazi nahi dute. Gure herpesak hitz egiten dit, ez dut ulertzen. Gure terapeutak berraragitzeari buruz hitz egiten dit, burmuin metaforikoaz. Amamen erremedioak oso merkeak izaten dira. Gure terapeutak publiko bat izatea gomendatzen dit. FITXA ARTISTIKOA: Sorkuntza eta interpretazioa: Loida A. Gómez [&hellip;]" />
<meta property="og:url" content="https://salabbk.bbk.eus/eu/eventos/bbk-off-festival-cerebro-metaforico-2/" />
<meta property="og:site_name" content="Sala BBK" />
<meta property="og:image" content="https://salabbk.bbk.eus/wp-content/uploads/2021/06/SalaBBK_Cerebro_PRO.jpg" />
	<meta property="og:image:width" content="900" />
	<meta property="og:image:height" content="350" />
	<meta property="og:image:type" content="image/jpeg" />
<meta name="twitter:card" content="summary_large_image" />
<script type="application/ld+json" class="yoast-schema-graph">{"@context":"https://schema.org","@graph":[{"@type":"WebPage","@id":"https://salabbk.bbk.eus/eu/eventos/bbk-off-festival-cerebro-metaforico-2/","url":"https://salabbk.bbk.eus/eu/eventos/bbk-off-festival-cerebro-metaforico-2/","name":"BBK Off Festival. Cerebro Metafórico - Sala BBK","isPartOf":{"@id":"https://salabbk.bbk.eus/eu/#website"},"primaryImageOfPage":{"@id":"https://salabbk.bbk.eus/eu/eventos/bbk-off-festival-cerebro-metaforico-2/#primaryimage"},"image":{"@id":"https://salabbk.bbk.eus/eu/eventos/bbk-off-festival-cerebro-metaforico-2/#primaryimage"},"thumbnailUrl":"https://salabbk.bbk.eus/wp-content/uploads/2021/06/SalaBBK_Cerebro_PRO.jpg","datePublished":"2021-06-22T07:15:23+00:00","breadcrumb":{"@id":"https://salabbk.bbk.eus/eu/eventos/bbk-off-festival-cerebro-metaforico-2/#breadcrumb"},"inLanguage":"eu-ES","potentialAction":[{"@type":"ReadAction","target":["https://salabbk.bbk.eus/eu/eventos/bbk-off-festival-cerebro-metaforico-2/"]}]},{"@type":"ImageObject","inLanguage":"eu-ES","@id":"https://salabbk.bbk.eus/eu/eventos/bbk-off-festival-cerebro-metaforico-2/#primaryimage","url":"https://salabbk.bbk.eus/wp-content/uploads/2021/06/SalaBBK_Cerebro_PRO.jpg","contentUrl":"https://salabbk.bbk.eus/wp-content/uploads/2021/06/SalaBBK_Cerebro_PRO.jpg","width":900,"height":350},{"@type":"BreadcrumbList","@id":"https://salabbk.bbk.eus/eu/eventos/bbk-off-festival-cerebro-metaforico-2/#breadcrumb","itemListElement":[{"@type":"ListItem","position":1,"name":"Hasiera","item":"https://salabbk.bbk.eus/eu/"},{"@type":"ListItem","position":2,"name":"Gertaerak","item":"https://salabbk.bbk.eus/eu/eventos/"},{"@type":"ListItem","position":3,"name":"Antzerkia","item":"https://salabbk.bbk.eus/eu/gertaera-kategoriak/antzerkia/"},{"@type":"ListItem","position":4,"name":"BBK Off Festival. Cerebro Metafórico"}]},{"@type":"WebSite","@id":"https://salabbk.bbk.eus/eu/#website","url":"https://salabbk.bbk.eus/eu/","name":"Sala BBK","description":"Espectáculos, cultura en vivo en el centro de Bilbao","potentialAction":[{"@type":"SearchAction","target":{"@type":"EntryPoint","urlTemplate":"https://salabbk.bbk.eus/eu/?s={search_term_string}"},"query-input":{"@type":"PropertyValueSpecification","valueRequired":true,"valueName":"search_term_string"}}],"inLanguage":"eu-ES"}]}</script>
<!-- / Yoast SEO plugin. -->

BBK Off Festival. Cerebro Metafórico - Sala BBK

Burmuin metaforikoari buruzkoa, herpes baten ondorengo terapiako burutazioak. Gure terapeutak dioenez, larruazaleko arazoek zerbait adierazi nahi dute. Gure herpesak hitz egiten dit, ez dut ulertzen. Gure terapeutak berraragitzeari buruz hitz egiten dit, burmuin metaforikoaz. Amamen erremedioak oso merkeak izaten dira. Gure terapeutak publiko bat izatea gomendatzen dit. FITXA ARTISTIKOA: Sorkuntza eta interpretazioa: Loida A. Gómez [&hellip;]

Espectáculos, cultura en vivo en el centro de Bilbao
