{"id":14303,"date":"2019-10-16T18:00:11","date_gmt":"2019-10-16T16:00:11","guid":{"rendered":"http:\/\/localhost:8380\/eu\/eventos\/zinemakumeak-gara-24\/"},"modified":"2019-10-16T18:00:11","modified_gmt":"2019-10-16T16:00:11","slug":"zinemakumeak-gara-24","status":"publish","type":"eventos","link":"https:\/\/salabbk.bbk.eus\/eu\/eventos\/zinemakumeak-gara-24\/","title":{"rendered":"Zinemakumeak gara!"},"content":{"rendered":"<p><strong>Emakumeek Zuzendutako Zinema Erakustaldia.<\/strong><\/p>\n<p>18:00. <strong>Proiekzioa: \u201cSeder-Masochism\u201d<\/strong>. Zuzendaria: Nina Paley. Estatu Batuak. 2018. 78 min.<br \/>\nExodoaren istorioa berriro aipatzen da Moisesen, Aaronen, Heriotzaren Aingeruaren, Jesusen eta zuzendariaren aitaren eskutik. Baina istorio honek badu beste dimentsio bat: gizadiaren jatorrizko andrazko jainkotasuna berriro azalduko da indar patriarkalen aurkako zuzeneko talkan.<\/p>\n<p>19:30. <strong>Mahaingurua: \u201cLas productoras\u201d<\/strong>. Nahikari Ipi\u00f1a, Mar\u00eda del Puy, Marta Velasco eta Virginia Yag\u00fce (moderatzailea).<\/p>\n<p>20:15. <strong>Proiekzioa: \u201cPause\u201d<\/strong>. Zuzendaria: Tonia Mishiali. Txipre. 2018. 96 min.<br \/>\nBikote zapaltzaile baten miserian harrapatuta, adin ertaineko andre batek alegiazko mundu batean topatuko du berarentzako babesa. Ingurune horretan, mendekuan oinarritutako indarkeria agertzen da. Laster, errealitatea eta fantasia lausotzen eta nahasten hasiko dira.<\/p>\n<p><a href=\"https:\/\/ticket.kutxabank.es\/janto\/main.php?Nivel=Recinto&#038;idRecinto=20SBBK&#038;Idioma=EU\" target=\"_blank\" rel=\"noopener noreferrer\"><img loading=\"lazy\" decoding=\"async\" class=\"alignleft wp-image-779 size-full\" src=\"https:\/\/salabbk.bbk.eus\/wp-content\/uploads\/2016\/04\/tiketak.png\" alt=\"tiketak\" width=\"100\" height=\"24\" \/><\/a><\/p>\n","protected":false},"excerpt":{"rendered":"<p>Emakumeek Zuzendutako Zinema Erakustaldia. 18:00. Proiekzioa: \u201cSeder-Masochism\u201d. Zuzendaria: Nina Paley. Estatu Batuak. 2018. 78 min. Exodoaren istorioa berriro aipatzen da Moisesen, Aaronen, Heriotzaren Aingeruaren, Jesusen eta zuzendariaren aitaren eskutik. Baina istorio honek badu beste dimentsio bat: gizadiaren jatorrizko andrazko jainkotasuna berriro azalduko da indar patriarkalen aurkako zuzeneko talkan. 19:30. Mahaingurua: \u201cLas productoras\u201d. Nahikari Ipi\u00f1a, Mar\u00eda [&hellip;]<\/p>\n","protected":false},"author":13,"featured_media":9680,"parent":0,"menu_order":0,"template":"","categoria-evento":[1237],"etiqueta-evento":[],"class_list":["post-14303","eventos","type-eventos","status-publish","has-post-thumbnail","hentry","categoria-evento-cine"],"acf":{"ctp_evento_fecha_inicio":"2019-10-16","ctp_evento_hora_inicio":"18:00:11","ctp_evento_fecha_fin":"2019-10-16","ctp_evento_hora_fin":"19:00:11","ctp_evento_coste":"","ctp_evento_informacion_adicional":"","ctp_evento_tickets":""},"yoast_head":"<!-- This site is optimized with the Yoast SEO plugin v27.0 - https:\/\/yoast.com\/product\/yoast-seo-wordpress\/ -->\n<title>Zinemakumeak gara! - Sala BBK<\/title>\n<meta name=\"robots\" content=\"index, follow, max-snippet:-1, max-image-preview:large, max-video-preview:-1\" \/>\n<link rel=\"canonical\" href=\"https:\/\/salabbk.bbk.eus\/eu\/eventos\/zinemakumeak-gara-24\/\" \/>\n<meta property=\"og:locale\" content=\"eu_ES\" \/>\n<meta property=\"og:type\" content=\"article\" \/>\n<meta property=\"og:title\" content=\"Zinemakumeak gara! - Sala BBK\" \/>\n<meta property=\"og:description\" content=\"Emakumeek Zuzendutako Zinema Erakustaldia. 18:00. Proiekzioa: \u201cSeder-Masochism\u201d. Zuzendaria: Nina Paley. Estatu Batuak. 2018. 78 min. Exodoaren istorioa berriro aipatzen da Moisesen, Aaronen, Heriotzaren Aingeruaren, Jesusen eta zuzendariaren aitaren eskutik. Baina istorio honek badu beste dimentsio bat: gizadiaren jatorrizko andrazko jainkotasuna berriro azalduko da indar patriarkalen aurkako zuzeneko talkan. 19:30. Mahaingurua: \u201cLas productoras\u201d. Nahikari Ipi\u00f1a, Mar\u00eda [&hellip;]\" \/>\n<meta property=\"og:url\" content=\"https:\/\/salabbk.bbk.eus\/eu\/eventos\/zinemakumeak-gara-24\/\" \/>\n<meta property=\"og:site_name\" content=\"Sala BBK\" \/>\n<meta property=\"og:image\" content=\"https:\/\/salabbk.bbk.eus\/wp-content\/uploads\/2019\/10\/SALABBK_ZINEMAKUMEAK_19_PRO.jpg\" \/>\n\t<meta property=\"og:image:width\" content=\"900\" \/>\n\t<meta property=\"og:image:height\" content=\"350\" \/>\n\t<meta property=\"og:image:type\" content=\"image\/jpeg\" \/>\n<meta name=\"twitter:card\" content=\"summary_large_image\" \/>\n<meta name=\"twitter:label1\" content=\"Est. reading time\" \/>\n\t<meta name=\"twitter:data1\" content=\"1 minute\" \/>\n<script type=\"application\/ld+json\" class=\"yoast-schema-graph\">{\"@context\":\"https:\/\/schema.org\",\"@graph\":[{\"@type\":\"WebPage\",\"@id\":\"https:\/\/salabbk.bbk.eus\/eu\/eventos\/zinemakumeak-gara-24\/\",\"url\":\"https:\/\/salabbk.bbk.eus\/eu\/eventos\/zinemakumeak-gara-24\/\",\"name\":\"Zinemakumeak gara! - Sala BBK\",\"isPartOf\":{\"@id\":\"https:\/\/salabbk.bbk.eus\/eu\/#website\"},\"primaryImageOfPage\":{\"@id\":\"https:\/\/salabbk.bbk.eus\/eu\/eventos\/zinemakumeak-gara-24\/#primaryimage\"},\"image\":{\"@id\":\"https:\/\/salabbk.bbk.eus\/eu\/eventos\/zinemakumeak-gara-24\/#primaryimage\"},\"thumbnailUrl\":\"https:\/\/salabbk.bbk.eus\/wp-content\/uploads\/2019\/10\/SALABBK_ZINEMAKUMEAK_19_PRO.jpg\",\"datePublished\":\"2019-10-16T16:00:11+00:00\",\"breadcrumb\":{\"@id\":\"https:\/\/salabbk.bbk.eus\/eu\/eventos\/zinemakumeak-gara-24\/#breadcrumb\"},\"inLanguage\":\"eu-ES\",\"potentialAction\":[{\"@type\":\"ReadAction\",\"target\":[\"https:\/\/salabbk.bbk.eus\/eu\/eventos\/zinemakumeak-gara-24\/\"]}]},{\"@type\":\"ImageObject\",\"inLanguage\":\"eu-ES\",\"@id\":\"https:\/\/salabbk.bbk.eus\/eu\/eventos\/zinemakumeak-gara-24\/#primaryimage\",\"url\":\"https:\/\/salabbk.bbk.eus\/wp-content\/uploads\/2019\/10\/SALABBK_ZINEMAKUMEAK_19_PRO.jpg\",\"contentUrl\":\"https:\/\/salabbk.bbk.eus\/wp-content\/uploads\/2019\/10\/SALABBK_ZINEMAKUMEAK_19_PRO.jpg\",\"width\":900,\"height\":350},{\"@type\":\"BreadcrumbList\",\"@id\":\"https:\/\/salabbk.bbk.eus\/eu\/eventos\/zinemakumeak-gara-24\/#breadcrumb\",\"itemListElement\":[{\"@type\":\"ListItem\",\"position\":1,\"name\":\"Hasiera\",\"item\":\"https:\/\/salabbk.bbk.eus\/eu\/\"},{\"@type\":\"ListItem\",\"position\":2,\"name\":\"Gertaerak\",\"item\":\"https:\/\/salabbk.bbk.eus\/eu\/eventos\/\"},{\"@type\":\"ListItem\",\"position\":3,\"name\":\"Zinema\",\"item\":\"https:\/\/salabbk.bbk.eus\/eu\/gertaera-kategoriak\/zinema\/\"},{\"@type\":\"ListItem\",\"position\":4,\"name\":\"Zinemakumeak gara!\"}]},{\"@type\":\"WebSite\",\"@id\":\"https:\/\/salabbk.bbk.eus\/eu\/#website\",\"url\":\"https:\/\/salabbk.bbk.eus\/eu\/\",\"name\":\"Sala BBK\",\"description\":\"Espect\u00e1culos, cultura en vivo en el centro de Bilbao\",\"potentialAction\":[{\"@type\":\"SearchAction\",\"target\":{\"@type\":\"EntryPoint\",\"urlTemplate\":\"https:\/\/salabbk.bbk.eus\/eu\/?s={search_term_string}\"},\"query-input\":{\"@type\":\"PropertyValueSpecification\",\"valueRequired\":true,\"valueName\":\"search_term_string\"}}],\"inLanguage\":\"eu-ES\"}]}<\/script>\n<!-- \/ Yoast SEO plugin. -->","yoast_head_json":{"title":"Zinemakumeak gara! - Sala BBK","robots":{"index":"index","follow":"follow","max-snippet":"max-snippet:-1","max-image-preview":"max-image-preview:large","max-video-preview":"max-video-preview:-1"},"canonical":"https:\/\/salabbk.bbk.eus\/eu\/eventos\/zinemakumeak-gara-24\/","og_locale":"eu_ES","og_type":"article","og_title":"Zinemakumeak gara! - Sala BBK","og_description":"Emakumeek Zuzendutako Zinema Erakustaldia. 18:00. Proiekzioa: \u201cSeder-Masochism\u201d. Zuzendaria: Nina Paley. Estatu Batuak. 2018. 78 min. Exodoaren istorioa berriro aipatzen da Moisesen, Aaronen, Heriotzaren Aingeruaren, Jesusen eta zuzendariaren aitaren eskutik. Baina istorio honek badu beste dimentsio bat: gizadiaren jatorrizko andrazko jainkotasuna berriro azalduko da indar patriarkalen aurkako zuzeneko talkan. 19:30. Mahaingurua: \u201cLas productoras\u201d. Nahikari Ipi\u00f1a, Mar\u00eda [&hellip;]","og_url":"https:\/\/salabbk.bbk.eus\/eu\/eventos\/zinemakumeak-gara-24\/","og_site_name":"Sala BBK","og_image":[{"width":900,"height":350,"url":"https:\/\/salabbk.bbk.eus\/wp-content\/uploads\/2019\/10\/SALABBK_ZINEMAKUMEAK_19_PRO.jpg","type":"image\/jpeg"}],"twitter_card":"summary_large_image","twitter_misc":{"Est. reading time":"1 minute"},"schema":{"@context":"https:\/\/schema.org","@graph":[{"@type":"WebPage","@id":"https:\/\/salabbk.bbk.eus\/eu\/eventos\/zinemakumeak-gara-24\/","url":"https:\/\/salabbk.bbk.eus\/eu\/eventos\/zinemakumeak-gara-24\/","name":"Zinemakumeak gara! - Sala BBK","isPartOf":{"@id":"https:\/\/salabbk.bbk.eus\/eu\/#website"},"primaryImageOfPage":{"@id":"https:\/\/salabbk.bbk.eus\/eu\/eventos\/zinemakumeak-gara-24\/#primaryimage"},"image":{"@id":"https:\/\/salabbk.bbk.eus\/eu\/eventos\/zinemakumeak-gara-24\/#primaryimage"},"thumbnailUrl":"https:\/\/salabbk.bbk.eus\/wp-content\/uploads\/2019\/10\/SALABBK_ZINEMAKUMEAK_19_PRO.jpg","datePublished":"2019-10-16T16:00:11+00:00","breadcrumb":{"@id":"https:\/\/salabbk.bbk.eus\/eu\/eventos\/zinemakumeak-gara-24\/#breadcrumb"},"inLanguage":"eu-ES","potentialAction":[{"@type":"ReadAction","target":["https:\/\/salabbk.bbk.eus\/eu\/eventos\/zinemakumeak-gara-24\/"]}]},{"@type":"ImageObject","inLanguage":"eu-ES","@id":"https:\/\/salabbk.bbk.eus\/eu\/eventos\/zinemakumeak-gara-24\/#primaryimage","url":"https:\/\/salabbk.bbk.eus\/wp-content\/uploads\/2019\/10\/SALABBK_ZINEMAKUMEAK_19_PRO.jpg","contentUrl":"https:\/\/salabbk.bbk.eus\/wp-content\/uploads\/2019\/10\/SALABBK_ZINEMAKUMEAK_19_PRO.jpg","width":900,"height":350},{"@type":"BreadcrumbList","@id":"https:\/\/salabbk.bbk.eus\/eu\/eventos\/zinemakumeak-gara-24\/#breadcrumb","itemListElement":[{"@type":"ListItem","position":1,"name":"Hasiera","item":"https:\/\/salabbk.bbk.eus\/eu\/"},{"@type":"ListItem","position":2,"name":"Gertaerak","item":"https:\/\/salabbk.bbk.eus\/eu\/eventos\/"},{"@type":"ListItem","position":3,"name":"Zinema","item":"https:\/\/salabbk.bbk.eus\/eu\/gertaera-kategoriak\/zinema\/"},{"@type":"ListItem","position":4,"name":"Zinemakumeak gara!"}]},{"@type":"WebSite","@id":"https:\/\/salabbk.bbk.eus\/eu\/#website","url":"https:\/\/salabbk.bbk.eus\/eu\/","name":"Sala BBK","description":"Espect\u00e1culos, cultura en vivo en el centro de Bilbao","potentialAction":[{"@type":"SearchAction","target":{"@type":"EntryPoint","urlTemplate":"https:\/\/salabbk.bbk.eus\/eu\/?s={search_term_string}"},"query-input":{"@type":"PropertyValueSpecification","valueRequired":true,"valueName":"search_term_string"}}],"inLanguage":"eu-ES"}]}},"_links":{"self":[{"href":"https:\/\/salabbk.bbk.eus\/eu\/wp-json\/wp\/v2\/eventos\/14303","targetHints":{"allow":["GET"]}}],"collection":[{"href":"https:\/\/salabbk.bbk.eus\/eu\/wp-json\/wp\/v2\/eventos"}],"about":[{"href":"https:\/\/salabbk.bbk.eus\/eu\/wp-json\/wp\/v2\/types\/eventos"}],"author":[{"embeddable":true,"href":"https:\/\/salabbk.bbk.eus\/eu\/wp-json\/wp\/v2\/users\/13"}],"wp:featuredmedia":[{"embeddable":true,"href":"https:\/\/salabbk.bbk.eus\/eu\/wp-json\/wp\/v2\/media\/9680"}],"wp:attachment":[{"href":"https:\/\/salabbk.bbk.eus\/eu\/wp-json\/wp\/v2\/media?parent=14303"}],"wp:term":[{"taxonomy":"categoria-evento","embeddable":true,"href":"https:\/\/salabbk.bbk.eus\/eu\/wp-json\/wp\/v2\/categoria-evento?post=14303"},{"taxonomy":"etiqueta-evento","embeddable":true,"href":"https:\/\/salabbk.bbk.eus\/eu\/wp-json\/wp\/v2\/etiqueta-evento?post=14303"}],"curies":[{"name":"wp","href":"https:\/\/api.w.org\/{rel}","templated":true}]}}

<p><strong>Emakumeek Zuzendutako Zinema Erakustaldia.</strong></p>
<p>18:00. <strong>Proiekzioa: “Seder-Masochism”</strong>. Zuzendaria: Nina Paley. Estatu Batuak. 2018. 78 min.<br />
Exodoaren istorioa berriro aipatzen da Moisesen, Aaronen, Heriotzaren Aingeruaren, Jesusen eta zuzendariaren aitaren eskutik. Baina istorio honek badu beste dimentsio bat: gizadiaren jatorrizko andrazko jainkotasuna berriro azalduko da indar patriarkalen aurkako zuzeneko talkan.</p>
<p>19:30. <strong>Mahaingurua: “Las productoras”</strong>. Nahikari Ipiña, María del Puy, Marta Velasco eta Virginia Yagüe (moderatzailea).</p>
<p>20:15. <strong>Proiekzioa: “Pause”</strong>. Zuzendaria: Tonia Mishiali. Txipre. 2018. 96 min.<br />
Bikote zapaltzaile baten miserian harrapatuta, adin ertaineko andre batek alegiazko mundu batean topatuko du berarentzako babesa. Ingurune horretan, mendekuan oinarritutako indarkeria agertzen da. Laster, errealitatea eta fantasia lausotzen eta nahasten hasiko dira.</p>
<p><a href="https://ticket.kutxabank.es/janto/main.php?Nivel=Recinto&#038;idRecinto=20SBBK&#038;Idioma=EU" target="_blank" rel="noopener noreferrer"><img loading="lazy" decoding="async" class="alignleft wp-image-779 size-full" src="https://salabbk.bbk.eus/wp-content/uploads/2016/04/tiketak.png" alt="tiketak" width="100" height="24" /></a></p>

<p>Emakumeek Zuzendutako Zinema Erakustaldia. 18:00. Proiekzioa: “Seder-Masochism”. Zuzendaria: Nina Paley. Estatu Batuak. 2018. 78 min. Exodoaren istorioa berriro aipatzen da Moisesen, Aaronen, Heriotzaren Aingeruaren, Jesusen eta zuzendariaren aitaren eskutik. Baina istorio honek badu beste dimentsio bat: gizadiaren jatorrizko andrazko jainkotasuna berriro azalduko da indar patriarkalen aurkako zuzeneko talkan. 19:30. Mahaingurua: “Las productoras”. Nahikari Ipiña, María [&hellip;]</p>

<!-- This site is optimized with the Yoast SEO plugin v27.0 - https://yoast.com/product/yoast-seo-wordpress/ -->
<title>Zinemakumeak gara! - Sala BBK</title>
<meta name="robots" content="index, follow, max-snippet:-1, max-image-preview:large, max-video-preview:-1" />
<link rel="canonical" href="https://salabbk.bbk.eus/eu/eventos/zinemakumeak-gara-24/" />
<meta property="og:locale" content="eu_ES" />
<meta property="og:type" content="article" />
<meta property="og:title" content="Zinemakumeak gara! - Sala BBK" />
<meta property="og:description" content="Emakumeek Zuzendutako Zinema Erakustaldia. 18:00. Proiekzioa: “Seder-Masochism”. Zuzendaria: Nina Paley. Estatu Batuak. 2018. 78 min. Exodoaren istorioa berriro aipatzen da Moisesen, Aaronen, Heriotzaren Aingeruaren, Jesusen eta zuzendariaren aitaren eskutik. Baina istorio honek badu beste dimentsio bat: gizadiaren jatorrizko andrazko jainkotasuna berriro azalduko da indar patriarkalen aurkako zuzeneko talkan. 19:30. Mahaingurua: “Las productoras”. Nahikari Ipiña, María [&hellip;]" />
<meta property="og:url" content="https://salabbk.bbk.eus/eu/eventos/zinemakumeak-gara-24/" />
<meta property="og:site_name" content="Sala BBK" />
<meta property="og:image" content="https://salabbk.bbk.eus/wp-content/uploads/2019/10/SALABBK_ZINEMAKUMEAK_19_PRO.jpg" />
	<meta property="og:image:width" content="900" />
	<meta property="og:image:height" content="350" />
	<meta property="og:image:type" content="image/jpeg" />
<meta name="twitter:card" content="summary_large_image" />
<meta name="twitter:label1" content="Est. reading time" />
	<meta name="twitter:data1" content="1 minute" />
<script type="application/ld+json" class="yoast-schema-graph">{"@context":"https://schema.org","@graph":[{"@type":"WebPage","@id":"https://salabbk.bbk.eus/eu/eventos/zinemakumeak-gara-24/","url":"https://salabbk.bbk.eus/eu/eventos/zinemakumeak-gara-24/","name":"Zinemakumeak gara! - Sala BBK","isPartOf":{"@id":"https://salabbk.bbk.eus/eu/#website"},"primaryImageOfPage":{"@id":"https://salabbk.bbk.eus/eu/eventos/zinemakumeak-gara-24/#primaryimage"},"image":{"@id":"https://salabbk.bbk.eus/eu/eventos/zinemakumeak-gara-24/#primaryimage"},"thumbnailUrl":"https://salabbk.bbk.eus/wp-content/uploads/2019/10/SALABBK_ZINEMAKUMEAK_19_PRO.jpg","datePublished":"2019-10-16T16:00:11+00:00","breadcrumb":{"@id":"https://salabbk.bbk.eus/eu/eventos/zinemakumeak-gara-24/#breadcrumb"},"inLanguage":"eu-ES","potentialAction":[{"@type":"ReadAction","target":["https://salabbk.bbk.eus/eu/eventos/zinemakumeak-gara-24/"]}]},{"@type":"ImageObject","inLanguage":"eu-ES","@id":"https://salabbk.bbk.eus/eu/eventos/zinemakumeak-gara-24/#primaryimage","url":"https://salabbk.bbk.eus/wp-content/uploads/2019/10/SALABBK_ZINEMAKUMEAK_19_PRO.jpg","contentUrl":"https://salabbk.bbk.eus/wp-content/uploads/2019/10/SALABBK_ZINEMAKUMEAK_19_PRO.jpg","width":900,"height":350},{"@type":"BreadcrumbList","@id":"https://salabbk.bbk.eus/eu/eventos/zinemakumeak-gara-24/#breadcrumb","itemListElement":[{"@type":"ListItem","position":1,"name":"Hasiera","item":"https://salabbk.bbk.eus/eu/"},{"@type":"ListItem","position":2,"name":"Gertaerak","item":"https://salabbk.bbk.eus/eu/eventos/"},{"@type":"ListItem","position":3,"name":"Zinema","item":"https://salabbk.bbk.eus/eu/gertaera-kategoriak/zinema/"},{"@type":"ListItem","position":4,"name":"Zinemakumeak gara!"}]},{"@type":"WebSite","@id":"https://salabbk.bbk.eus/eu/#website","url":"https://salabbk.bbk.eus/eu/","name":"Sala BBK","description":"Espectáculos, cultura en vivo en el centro de Bilbao","potentialAction":[{"@type":"SearchAction","target":{"@type":"EntryPoint","urlTemplate":"https://salabbk.bbk.eus/eu/?s={search_term_string}"},"query-input":{"@type":"PropertyValueSpecification","valueRequired":true,"valueName":"search_term_string"}}],"inLanguage":"eu-ES"}]}</script>
<!-- / Yoast SEO plugin. -->

Emakumeek Zuzendutako Zinema Erakustaldia. 18:00. Proiekzioa: “Seder-Masochism”. Zuzendaria: Nina Paley. Estatu Batuak. 2018. 78 min. Exodoaren istorioa berriro aipatzen da Moisesen, Aaronen, Heriotzaren Aingeruaren, Jesusen eta zuzendariaren aitaren eskutik. Baina istorio honek badu beste dimentsio bat: gizadiaren jatorrizko andrazko jainkotasuna berriro azalduko da indar patriarkalen aurkako zuzeneko talkan. 19:30. Mahaingurua: “Las productoras”. Nahikari Ipiña, María [&hellip;]

Espectáculos, cultura en vivo en el centro de Bilbao
