{"id":13457,"date":"2017-03-20T18:00:11","date_gmt":"2017-03-20T16:00:11","guid":{"rendered":"http:\/\/localhost:8380\/eu\/eventos\/thinking-football-5\/"},"modified":"2017-03-20T18:00:11","modified_gmt":"2017-03-20T16:00:11","slug":"thinking-football-5","status":"publish","type":"eventos","link":"https:\/\/salabbk.bbk.eus\/eu\/eventos\/thinking-football-5\/","title":{"rendered":"Thinking Football"},"content":{"rendered":"<p>Zinema eta futbol jaialdia. Athletic Club Fundazioak eta BBK salak antolatuta, Bilboko Udalaren laguntzaz.<\/p>\n<p>18:00. <strong>\u201cBarba, Cabello e Bigode\u201d<\/strong> (Brasil, 2016, Lucio Branco)<br \/>\nAfonsinho, Paulo C\u00e9zar Caju eta Nei Concei\u00e7\u00e3o futbolariek 1960ko hamarkadaren erdialdean ekin zioten futbol-ibilbideari, Brasilen errepresio politiko bortitza zegoen garai batean.<\/p>\n<p>20:00. <strong>\u201cSur la touche\u201d<\/strong> (Frantzia, 2014, Hortense G\u00e9linet)<br \/>\nSamir Paris Saint Germain taldearen zalea da. Horrek sutan jartzen du bere neskalaguna, Anna. Baina Annak iritziz aldatuko du egun batean, Samirrek futbol-zelaira berekin joateko konbentzitzen duenean.<br \/>\n<strong>\u201cInside Ha\u00edti\u201d<\/strong> (Ha\u00edti, 2017, Benoit Do Quang)<br \/>\nHaitiko selekzio nazionala Mendeurreneko Amerika Koparako sailkatu zen. Gehienbat profesionalak ez diren jokalariz osatutako dago eta zalantzarik gabe txapelketako talderik apalena zen.<\/p>\n","protected":false},"excerpt":{"rendered":"<p>Zinema eta futbol jaialdia. Athletic Club Fundazioak eta BBK salak antolatuta, Bilboko Udalaren laguntzaz. 18:00. \u201cBarba, Cabello e Bigode\u201d (Brasil, 2016, Lucio Branco) Afonsinho, Paulo C\u00e9zar Caju eta Nei Concei\u00e7\u00e3o futbolariek 1960ko hamarkadaren erdialdean ekin zioten futbol-ibilbideari, Brasilen errepresio politiko bortitza zegoen garai batean. 20:00. \u201cSur la touche\u201d (Frantzia, 2014, Hortense G\u00e9linet) Samir Paris Saint [&hellip;]<\/p>\n","protected":false},"author":13,"featured_media":9131,"parent":0,"menu_order":0,"template":"","categoria-evento":[1237],"etiqueta-evento":[],"class_list":["post-13457","eventos","type-eventos","status-publish","has-post-thumbnail","hentry","categoria-evento-cine"],"acf":{"ctp_evento_fecha_inicio":"2017-03-20","ctp_evento_hora_inicio":"18:00:11","ctp_evento_fecha_fin":"2017-03-20","ctp_evento_hora_fin":"19:00:11","ctp_evento_coste":"","ctp_evento_informacion_adicional":"","ctp_evento_tickets":""},"yoast_head":"<!-- This site is optimized with the Yoast SEO plugin v27.0 - https:\/\/yoast.com\/product\/yoast-seo-wordpress\/ -->\n<title>Thinking Football - Sala BBK<\/title>\n<meta name=\"robots\" content=\"index, follow, max-snippet:-1, max-image-preview:large, max-video-preview:-1\" \/>\n<link rel=\"canonical\" href=\"https:\/\/salabbk.bbk.eus\/eu\/eventos\/thinking-football-5\/\" \/>\n<meta property=\"og:locale\" content=\"eu_ES\" \/>\n<meta property=\"og:type\" content=\"article\" \/>\n<meta property=\"og:title\" content=\"Thinking Football - Sala BBK\" \/>\n<meta property=\"og:description\" content=\"Zinema eta futbol jaialdia. Athletic Club Fundazioak eta BBK salak antolatuta, Bilboko Udalaren laguntzaz. 18:00. \u201cBarba, Cabello e Bigode\u201d (Brasil, 2016, Lucio Branco) Afonsinho, Paulo C\u00e9zar Caju eta Nei Concei\u00e7\u00e3o futbolariek 1960ko hamarkadaren erdialdean ekin zioten futbol-ibilbideari, Brasilen errepresio politiko bortitza zegoen garai batean. 20:00. \u201cSur la touche\u201d (Frantzia, 2014, Hortense G\u00e9linet) Samir Paris Saint [&hellip;]\" \/>\n<meta property=\"og:url\" content=\"https:\/\/salabbk.bbk.eus\/eu\/eventos\/thinking-football-5\/\" \/>\n<meta property=\"og:site_name\" content=\"Sala BBK\" \/>\n<meta property=\"og:image\" content=\"https:\/\/salabbk.bbk.eus\/wp-content\/uploads\/2017\/03\/SALABBK_THINKING17_PRO.jpg\" \/>\n\t<meta property=\"og:image:width\" content=\"900\" \/>\n\t<meta property=\"og:image:height\" content=\"350\" \/>\n\t<meta property=\"og:image:type\" content=\"image\/jpeg\" \/>\n<meta name=\"twitter:card\" content=\"summary_large_image\" \/>\n<meta name=\"twitter:label1\" content=\"Est. reading time\" \/>\n\t<meta name=\"twitter:data1\" content=\"1 minute\" \/>\n<script type=\"application\/ld+json\" class=\"yoast-schema-graph\">{\"@context\":\"https:\/\/schema.org\",\"@graph\":[{\"@type\":\"WebPage\",\"@id\":\"https:\/\/salabbk.bbk.eus\/eu\/eventos\/thinking-football-5\/\",\"url\":\"https:\/\/salabbk.bbk.eus\/eu\/eventos\/thinking-football-5\/\",\"name\":\"Thinking Football - Sala BBK\",\"isPartOf\":{\"@id\":\"https:\/\/salabbk.bbk.eus\/eu\/#website\"},\"primaryImageOfPage\":{\"@id\":\"https:\/\/salabbk.bbk.eus\/eu\/eventos\/thinking-football-5\/#primaryimage\"},\"image\":{\"@id\":\"https:\/\/salabbk.bbk.eus\/eu\/eventos\/thinking-football-5\/#primaryimage\"},\"thumbnailUrl\":\"https:\/\/salabbk.bbk.eus\/wp-content\/uploads\/2017\/03\/SALABBK_THINKING17_PRO.jpg\",\"datePublished\":\"2017-03-20T16:00:11+00:00\",\"breadcrumb\":{\"@id\":\"https:\/\/salabbk.bbk.eus\/eu\/eventos\/thinking-football-5\/#breadcrumb\"},\"inLanguage\":\"eu-ES\",\"potentialAction\":[{\"@type\":\"ReadAction\",\"target\":[\"https:\/\/salabbk.bbk.eus\/eu\/eventos\/thinking-football-5\/\"]}]},{\"@type\":\"ImageObject\",\"inLanguage\":\"eu-ES\",\"@id\":\"https:\/\/salabbk.bbk.eus\/eu\/eventos\/thinking-football-5\/#primaryimage\",\"url\":\"https:\/\/salabbk.bbk.eus\/wp-content\/uploads\/2017\/03\/SALABBK_THINKING17_PRO.jpg\",\"contentUrl\":\"https:\/\/salabbk.bbk.eus\/wp-content\/uploads\/2017\/03\/SALABBK_THINKING17_PRO.jpg\",\"width\":900,\"height\":350,\"caption\":\"Sala BBK Thinking Football\"},{\"@type\":\"BreadcrumbList\",\"@id\":\"https:\/\/salabbk.bbk.eus\/eu\/eventos\/thinking-football-5\/#breadcrumb\",\"itemListElement\":[{\"@type\":\"ListItem\",\"position\":1,\"name\":\"Hasiera\",\"item\":\"https:\/\/salabbk.bbk.eus\/eu\/\"},{\"@type\":\"ListItem\",\"position\":2,\"name\":\"Gertaerak\",\"item\":\"https:\/\/salabbk.bbk.eus\/eu\/eventos\/\"},{\"@type\":\"ListItem\",\"position\":3,\"name\":\"Zinema\",\"item\":\"https:\/\/salabbk.bbk.eus\/eu\/gertaera-kategoriak\/zinema\/\"},{\"@type\":\"ListItem\",\"position\":4,\"name\":\"Thinking Football\"}]},{\"@type\":\"WebSite\",\"@id\":\"https:\/\/salabbk.bbk.eus\/eu\/#website\",\"url\":\"https:\/\/salabbk.bbk.eus\/eu\/\",\"name\":\"Sala BBK\",\"description\":\"Espect\u00e1culos, cultura en vivo en el centro de Bilbao\",\"potentialAction\":[{\"@type\":\"SearchAction\",\"target\":{\"@type\":\"EntryPoint\",\"urlTemplate\":\"https:\/\/salabbk.bbk.eus\/eu\/?s={search_term_string}\"},\"query-input\":{\"@type\":\"PropertyValueSpecification\",\"valueRequired\":true,\"valueName\":\"search_term_string\"}}],\"inLanguage\":\"eu-ES\"}]}<\/script>\n<!-- \/ Yoast SEO plugin. -->","yoast_head_json":{"title":"Thinking Football - Sala BBK","robots":{"index":"index","follow":"follow","max-snippet":"max-snippet:-1","max-image-preview":"max-image-preview:large","max-video-preview":"max-video-preview:-1"},"canonical":"https:\/\/salabbk.bbk.eus\/eu\/eventos\/thinking-football-5\/","og_locale":"eu_ES","og_type":"article","og_title":"Thinking Football - Sala BBK","og_description":"Zinema eta futbol jaialdia. Athletic Club Fundazioak eta BBK salak antolatuta, Bilboko Udalaren laguntzaz. 18:00. \u201cBarba, Cabello e Bigode\u201d (Brasil, 2016, Lucio Branco) Afonsinho, Paulo C\u00e9zar Caju eta Nei Concei\u00e7\u00e3o futbolariek 1960ko hamarkadaren erdialdean ekin zioten futbol-ibilbideari, Brasilen errepresio politiko bortitza zegoen garai batean. 20:00. \u201cSur la touche\u201d (Frantzia, 2014, Hortense G\u00e9linet) Samir Paris Saint [&hellip;]","og_url":"https:\/\/salabbk.bbk.eus\/eu\/eventos\/thinking-football-5\/","og_site_name":"Sala BBK","og_image":[{"width":900,"height":350,"url":"https:\/\/salabbk.bbk.eus\/wp-content\/uploads\/2017\/03\/SALABBK_THINKING17_PRO.jpg","type":"image\/jpeg"}],"twitter_card":"summary_large_image","twitter_misc":{"Est. reading time":"1 minute"},"schema":{"@context":"https:\/\/schema.org","@graph":[{"@type":"WebPage","@id":"https:\/\/salabbk.bbk.eus\/eu\/eventos\/thinking-football-5\/","url":"https:\/\/salabbk.bbk.eus\/eu\/eventos\/thinking-football-5\/","name":"Thinking Football - Sala BBK","isPartOf":{"@id":"https:\/\/salabbk.bbk.eus\/eu\/#website"},"primaryImageOfPage":{"@id":"https:\/\/salabbk.bbk.eus\/eu\/eventos\/thinking-football-5\/#primaryimage"},"image":{"@id":"https:\/\/salabbk.bbk.eus\/eu\/eventos\/thinking-football-5\/#primaryimage"},"thumbnailUrl":"https:\/\/salabbk.bbk.eus\/wp-content\/uploads\/2017\/03\/SALABBK_THINKING17_PRO.jpg","datePublished":"2017-03-20T16:00:11+00:00","breadcrumb":{"@id":"https:\/\/salabbk.bbk.eus\/eu\/eventos\/thinking-football-5\/#breadcrumb"},"inLanguage":"eu-ES","potentialAction":[{"@type":"ReadAction","target":["https:\/\/salabbk.bbk.eus\/eu\/eventos\/thinking-football-5\/"]}]},{"@type":"ImageObject","inLanguage":"eu-ES","@id":"https:\/\/salabbk.bbk.eus\/eu\/eventos\/thinking-football-5\/#primaryimage","url":"https:\/\/salabbk.bbk.eus\/wp-content\/uploads\/2017\/03\/SALABBK_THINKING17_PRO.jpg","contentUrl":"https:\/\/salabbk.bbk.eus\/wp-content\/uploads\/2017\/03\/SALABBK_THINKING17_PRO.jpg","width":900,"height":350,"caption":"Sala BBK Thinking Football"},{"@type":"BreadcrumbList","@id":"https:\/\/salabbk.bbk.eus\/eu\/eventos\/thinking-football-5\/#breadcrumb","itemListElement":[{"@type":"ListItem","position":1,"name":"Hasiera","item":"https:\/\/salabbk.bbk.eus\/eu\/"},{"@type":"ListItem","position":2,"name":"Gertaerak","item":"https:\/\/salabbk.bbk.eus\/eu\/eventos\/"},{"@type":"ListItem","position":3,"name":"Zinema","item":"https:\/\/salabbk.bbk.eus\/eu\/gertaera-kategoriak\/zinema\/"},{"@type":"ListItem","position":4,"name":"Thinking Football"}]},{"@type":"WebSite","@id":"https:\/\/salabbk.bbk.eus\/eu\/#website","url":"https:\/\/salabbk.bbk.eus\/eu\/","name":"Sala BBK","description":"Espect\u00e1culos, cultura en vivo en el centro de Bilbao","potentialAction":[{"@type":"SearchAction","target":{"@type":"EntryPoint","urlTemplate":"https:\/\/salabbk.bbk.eus\/eu\/?s={search_term_string}"},"query-input":{"@type":"PropertyValueSpecification","valueRequired":true,"valueName":"search_term_string"}}],"inLanguage":"eu-ES"}]}},"_links":{"self":[{"href":"https:\/\/salabbk.bbk.eus\/eu\/wp-json\/wp\/v2\/eventos\/13457","targetHints":{"allow":["GET"]}}],"collection":[{"href":"https:\/\/salabbk.bbk.eus\/eu\/wp-json\/wp\/v2\/eventos"}],"about":[{"href":"https:\/\/salabbk.bbk.eus\/eu\/wp-json\/wp\/v2\/types\/eventos"}],"author":[{"embeddable":true,"href":"https:\/\/salabbk.bbk.eus\/eu\/wp-json\/wp\/v2\/users\/13"}],"wp:featuredmedia":[{"embeddable":true,"href":"https:\/\/salabbk.bbk.eus\/eu\/wp-json\/wp\/v2\/media\/9131"}],"wp:attachment":[{"href":"https:\/\/salabbk.bbk.eus\/eu\/wp-json\/wp\/v2\/media?parent=13457"}],"wp:term":[{"taxonomy":"categoria-evento","embeddable":true,"href":"https:\/\/salabbk.bbk.eus\/eu\/wp-json\/wp\/v2\/categoria-evento?post=13457"},{"taxonomy":"etiqueta-evento","embeddable":true,"href":"https:\/\/salabbk.bbk.eus\/eu\/wp-json\/wp\/v2\/etiqueta-evento?post=13457"}],"curies":[{"name":"wp","href":"https:\/\/api.w.org\/{rel}","templated":true}]}}

<p>Zinema eta futbol jaialdia. Athletic Club Fundazioak eta BBK salak antolatuta, Bilboko Udalaren laguntzaz.</p>
<p>18:00. <strong>“Barba, Cabello e Bigode”</strong> (Brasil, 2016, Lucio Branco)<br />
Afonsinho, Paulo Cézar Caju eta Nei Conceição futbolariek 1960ko hamarkadaren erdialdean ekin zioten futbol-ibilbideari, Brasilen errepresio politiko bortitza zegoen garai batean.</p>
<p>20:00. <strong>“Sur la touche”</strong> (Frantzia, 2014, Hortense Gélinet)<br />
Samir Paris Saint Germain taldearen zalea da. Horrek sutan jartzen du bere neskalaguna, Anna. Baina Annak iritziz aldatuko du egun batean, Samirrek futbol-zelaira berekin joateko konbentzitzen duenean.<br />
<strong>“Inside Haíti”</strong> (Haíti, 2017, Benoit Do Quang)<br />
Haitiko selekzio nazionala Mendeurreneko Amerika Koparako sailkatu zen. Gehienbat profesionalak ez diren jokalariz osatutako dago eta zalantzarik gabe txapelketako talderik apalena zen.</p>

<p>Zinema eta futbol jaialdia. Athletic Club Fundazioak eta BBK salak antolatuta, Bilboko Udalaren laguntzaz. 18:00. “Barba, Cabello e Bigode” (Brasil, 2016, Lucio Branco) Afonsinho, Paulo Cézar Caju eta Nei Conceição futbolariek 1960ko hamarkadaren erdialdean ekin zioten futbol-ibilbideari, Brasilen errepresio politiko bortitza zegoen garai batean. 20:00. “Sur la touche” (Frantzia, 2014, Hortense Gélinet) Samir Paris Saint [&hellip;]</p>

<!-- This site is optimized with the Yoast SEO plugin v27.0 - https://yoast.com/product/yoast-seo-wordpress/ -->
<title>Thinking Football - Sala BBK</title>
<meta name="robots" content="index, follow, max-snippet:-1, max-image-preview:large, max-video-preview:-1" />
<link rel="canonical" href="https://salabbk.bbk.eus/eu/eventos/thinking-football-5/" />
<meta property="og:locale" content="eu_ES" />
<meta property="og:type" content="article" />
<meta property="og:title" content="Thinking Football - Sala BBK" />
<meta property="og:description" content="Zinema eta futbol jaialdia. Athletic Club Fundazioak eta BBK salak antolatuta, Bilboko Udalaren laguntzaz. 18:00. “Barba, Cabello e Bigode” (Brasil, 2016, Lucio Branco) Afonsinho, Paulo Cézar Caju eta Nei Conceição futbolariek 1960ko hamarkadaren erdialdean ekin zioten futbol-ibilbideari, Brasilen errepresio politiko bortitza zegoen garai batean. 20:00. “Sur la touche” (Frantzia, 2014, Hortense Gélinet) Samir Paris Saint [&hellip;]" />
<meta property="og:url" content="https://salabbk.bbk.eus/eu/eventos/thinking-football-5/" />
<meta property="og:site_name" content="Sala BBK" />
<meta property="og:image" content="https://salabbk.bbk.eus/wp-content/uploads/2017/03/SALABBK_THINKING17_PRO.jpg" />
	<meta property="og:image:width" content="900" />
	<meta property="og:image:height" content="350" />
	<meta property="og:image:type" content="image/jpeg" />
<meta name="twitter:card" content="summary_large_image" />
<meta name="twitter:label1" content="Est. reading time" />
	<meta name="twitter:data1" content="1 minute" />
<script type="application/ld+json" class="yoast-schema-graph">{"@context":"https://schema.org","@graph":[{"@type":"WebPage","@id":"https://salabbk.bbk.eus/eu/eventos/thinking-football-5/","url":"https://salabbk.bbk.eus/eu/eventos/thinking-football-5/","name":"Thinking Football - Sala BBK","isPartOf":{"@id":"https://salabbk.bbk.eus/eu/#website"},"primaryImageOfPage":{"@id":"https://salabbk.bbk.eus/eu/eventos/thinking-football-5/#primaryimage"},"image":{"@id":"https://salabbk.bbk.eus/eu/eventos/thinking-football-5/#primaryimage"},"thumbnailUrl":"https://salabbk.bbk.eus/wp-content/uploads/2017/03/SALABBK_THINKING17_PRO.jpg","datePublished":"2017-03-20T16:00:11+00:00","breadcrumb":{"@id":"https://salabbk.bbk.eus/eu/eventos/thinking-football-5/#breadcrumb"},"inLanguage":"eu-ES","potentialAction":[{"@type":"ReadAction","target":["https://salabbk.bbk.eus/eu/eventos/thinking-football-5/"]}]},{"@type":"ImageObject","inLanguage":"eu-ES","@id":"https://salabbk.bbk.eus/eu/eventos/thinking-football-5/#primaryimage","url":"https://salabbk.bbk.eus/wp-content/uploads/2017/03/SALABBK_THINKING17_PRO.jpg","contentUrl":"https://salabbk.bbk.eus/wp-content/uploads/2017/03/SALABBK_THINKING17_PRO.jpg","width":900,"height":350,"caption":"Sala BBK Thinking Football"},{"@type":"BreadcrumbList","@id":"https://salabbk.bbk.eus/eu/eventos/thinking-football-5/#breadcrumb","itemListElement":[{"@type":"ListItem","position":1,"name":"Hasiera","item":"https://salabbk.bbk.eus/eu/"},{"@type":"ListItem","position":2,"name":"Gertaerak","item":"https://salabbk.bbk.eus/eu/eventos/"},{"@type":"ListItem","position":3,"name":"Zinema","item":"https://salabbk.bbk.eus/eu/gertaera-kategoriak/zinema/"},{"@type":"ListItem","position":4,"name":"Thinking Football"}]},{"@type":"WebSite","@id":"https://salabbk.bbk.eus/eu/#website","url":"https://salabbk.bbk.eus/eu/","name":"Sala BBK","description":"Espectáculos, cultura en vivo en el centro de Bilbao","potentialAction":[{"@type":"SearchAction","target":{"@type":"EntryPoint","urlTemplate":"https://salabbk.bbk.eus/eu/?s={search_term_string}"},"query-input":{"@type":"PropertyValueSpecification","valueRequired":true,"valueName":"search_term_string"}}],"inLanguage":"eu-ES"}]}</script>
<!-- / Yoast SEO plugin. -->

Zinema eta futbol jaialdia. Athletic Club Fundazioak eta BBK salak antolatuta, Bilboko Udalaren laguntzaz. 18:00. “Barba, Cabello e Bigode” (Brasil, 2016, Lucio Branco) Afonsinho, Paulo Cézar Caju eta Nei Conceição futbolariek 1960ko hamarkadaren erdialdean ekin zioten futbol-ibilbideari, Brasilen errepresio politiko bortitza zegoen garai batean. 20:00. “Sur la touche” (Frantzia, 2014, Hortense Gélinet) Samir Paris Saint [&hellip;]

Espectáculos, cultura en vivo en el centro de Bilbao
